{"version":"1.0","provider_name":"T\u00e9l\u00e9film Canada","provider_url":"https:\/\/telefilm.ca\/fr","author_name":"activis","author_url":"https:\/\/telefilm.ca\/fr\/author\/activis","title":"Cannes 2018 | TALENT TOUT COURT | T\u00e9l\u00e9film Canada","type":"rich","width":600,"height":338,"html":"<blockquote class=\"wp-embedded-content\" data-secret=\"7joV8n3vDH\"><a href=\"https:\/\/telefilm.ca\/fr\/appel-inscription\/cannes-2018-talent-court\">Cannes 2018 | TALENT TOUT COURT<\/a><\/blockquote><iframe sandbox=\"allow-scripts\" security=\"restricted\" src=\"https:\/\/telefilm.ca\/fr\/appel-inscription\/cannes-2018-talent-court\/embed#?secret=7joV8n3vDH\" width=\"600\" height=\"338\" title=\"&laquo; Cannes 2018 | TALENT TOUT COURT &raquo; &#8212; T\u00e9l\u00e9film Canada\" data-secret=\"7joV8n3vDH\" frameborder=\"0\" marginwidth=\"0\" marginheight=\"0\" scrolling=\"no\" class=\"wp-embedded-content\"><\/iframe><script>\n\/*! This file is auto-generated *\/\n!function(d,l){\"use strict\";l.querySelector&&d.addEventListener&&\"undefined\"!=typeof URL&&(d.wp=d.wp||{},d.wp.receiveEmbedMessage||(d.wp.receiveEmbedMessage=function(e){var t=e.data;if((t||t.secret||t.message||t.value)&&!\/[^a-zA-Z0-9]\/.test(t.secret)){for(var s,r,n,a=l.querySelectorAll('iframe[data-secret=\"'+t.secret+'\"]'),o=l.querySelectorAll('blockquote[data-secret=\"'+t.secret+'\"]'),c=new RegExp(\"^https?:$\",\"i\"),i=0;i<o.length;i++)o[i].style.display=\"none\";for(i=0;i<a.length;i++)s=a[i],e.source===s.contentWindow&&(s.removeAttribute(\"style\"),\"height\"===t.message?(1e3<(r=parseInt(t.value,10))?r=1e3:~~r<200&&(r=200),s.height=r):\"link\"===t.message&&(r=new URL(s.getAttribute(\"src\")),n=new URL(t.value),c.test(n.protocol))&&n.host===r.host&&l.activeElement===s&&(d.top.location.href=t.value))}},d.addEventListener(\"message\",d.wp.receiveEmbedMessage,!1),l.addEventListener(\"DOMContentLoaded\",function(){for(var e,t,s=l.querySelectorAll(\"iframe.wp-embedded-content\"),r=0;r<s.length;r++)(t=(e=s[r]).getAttribute(\"data-secret\"))||(t=Math.random().toString(36).substring(2,12),e.src+=\"#?secret=\"+t,e.setAttribute(\"data-secret\",t)),e.contentWindow.postMessage({message:\"ready\",secret:t},\"*\")},!1)))}(window,document);\n\/\/# sourceURL=https:\/\/telefilm.ca\/wp-includes\/js\/wp-embed.min.js\n<\/script>\n","description":"Appel d\u2019inscriptions (Courts m\u00e9trages, tous genres) T\u00e9l\u00e9film Canada accepte pr\u00e9sentement des soumissions pour sa 8e \u00e9dition de\u00a0 TALENT TOUT COURT, un programme de courts pr\u00e9sent\u00e9 au March\u00e9 du Film de Cannes qui a lieu en m\u00eame temps que le Festival de Cannes. Talent tout court est une initiative de T\u00e9l\u00e9film Canada gr\u00e2ce \u00e0 laquelle des [&hellip;]","thumbnail_url":"https:\/\/telefilm.ca\/wp-content\/uploads\/2026\/08\/og-image-t-1200x675-1.png","thumbnail_width":1200,"thumbnail_height":675}

Téléfilm Canada

Cannes 2018 | TALENT TOUT COURT | Téléfilm Canada

<blockquote class="wp-embedded-content" data-secret="7joV8n3vDH"><a href="https://telefilm.ca/fr/appel-inscription/cannes-2018-talent-court">Cannes 2018 | TALENT TOUT COURT</a></blockquote><iframe sandbox="allow-scripts" security="restricted" src="https://telefilm.ca/fr/appel-inscription/cannes-2018-talent-court/embed#?secret=7joV8n3vDH" width="600" height="338" title="&laquo; Cannes 2018 | TALENT TOUT COURT &raquo; &#8212; Téléfilm Canada" data-secret="7joV8n3vDH" frameborder="0" marginwidth="0" marginheight="0" scrolling="no" class="wp-embedded-content"></iframe><script>
/*! This file is auto-generated */
!function(d,l){"use strict";l.querySelector&&d.addEventListener&&"undefined"!=typeof URL&&(d.wp=d.wp||{},d.wp.receiveEmbedMessage||(d.wp.receiveEmbedMessage=function(e){var t=e.data;if((t||t.secret||t.message||t.value)&&!/[^a-zA-Z0-9]/.test(t.secret)){for(var s,r,n,a=l.querySelectorAll('iframe[data-secret="'+t.secret+'"]'),o=l.querySelectorAll('blockquote[data-secret="'+t.secret+'"]'),c=new RegExp("^https?:$","i"),i=0;i<o.length;i++)o[i].style.display="none";for(i=0;i<a.length;i++)s=a[i],e.source===s.contentWindow&&(s.removeAttribute("style"),"height"===t.message?(1e3<(r=parseInt(t.value,10))?r=1e3:~~r<200&&(r=200),s.height=r):"link"===t.message&&(r=new URL(s.getAttribute("src")),n=new URL(t.value),c.test(n.protocol))&&n.host===r.host&&l.activeElement===s&&(d.top.location.href=t.value))}},d.addEventListener("message",d.wp.receiveEmbedMessage,!1),l.addEventListener("DOMContentLoaded",function(){for(var e,t,s=l.querySelectorAll("iframe.wp-embedded-content"),r=0;r<s.length;r++)(t=(e=s[r]).getAttribute("data-secret"))||(t=Math.random().toString(36).substring(2,12),e.src+="#?secret="+t,e.setAttribute("data-secret",t)),e.contentWindow.postMessage({message:"ready",secret:t},"*")},!1)))}(window,document);
//# sourceURL=https://telefilm.ca/wp-includes/js/wp-embed.min.js
</script>

Appel d’inscriptions (Courts métrages, tous genres) Téléfilm Canada accepte présentement des soumissions pour sa 8e édition de  TALENT TOUT COURT, un programme de courts présenté au Marché du Film de Cannes qui a lieu en même temps que le Festival de Cannes. Talent tout court est une initiative de Téléfilm Canada grâce à laquelle des [&hellip;]
