{"version":"1.0","provider_name":"T\u00e9l\u00e9film Canada","provider_url":"https:\/\/telefilm.ca\/fr","author_name":"Justin Clement","author_url":"https:\/\/telefilm.ca\/fr\/author\/justin-clement","title":"Festival international de films de Venise - Mostra\u00a0 | T\u00e9l\u00e9film Canada","type":"rich","width":600,"height":338,"html":"<blockquote class=\"wp-embedded-content\" data-secret=\"cfFZLDmtIb\"><a href=\"https:\/\/telefilm.ca\/fr\/appel-inscription\/festival-international-de-films-de-venise-mostra\">Festival international de films de Venise &#8211; Mostra\u00a0<\/a><\/blockquote><iframe sandbox=\"allow-scripts\" security=\"restricted\" src=\"https:\/\/telefilm.ca\/fr\/appel-inscription\/festival-international-de-films-de-venise-mostra\/embed#?secret=cfFZLDmtIb\" width=\"600\" height=\"338\" title=\"&laquo; Festival international de films de Venise &#8211; Mostra\u00a0 &raquo; &#8212; T\u00e9l\u00e9film Canada\" data-secret=\"cfFZLDmtIb\" frameborder=\"0\" marginwidth=\"0\" marginheight=\"0\" scrolling=\"no\" class=\"wp-embedded-content\"><\/iframe><script>\n\/*! This file is auto-generated *\/\n!function(d,l){\"use strict\";l.querySelector&&d.addEventListener&&\"undefined\"!=typeof URL&&(d.wp=d.wp||{},d.wp.receiveEmbedMessage||(d.wp.receiveEmbedMessage=function(e){var t=e.data;if((t||t.secret||t.message||t.value)&&!\/[^a-zA-Z0-9]\/.test(t.secret)){for(var s,r,n,a=l.querySelectorAll('iframe[data-secret=\"'+t.secret+'\"]'),o=l.querySelectorAll('blockquote[data-secret=\"'+t.secret+'\"]'),c=new RegExp(\"^https?:$\",\"i\"),i=0;i<o.length;i++)o[i].style.display=\"none\";for(i=0;i<a.length;i++)s=a[i],e.source===s.contentWindow&&(s.removeAttribute(\"style\"),\"height\"===t.message?(1e3<(r=parseInt(t.value,10))?r=1e3:~~r<200&&(r=200),s.height=r):\"link\"===t.message&&(r=new URL(s.getAttribute(\"src\")),n=new URL(t.value),c.test(n.protocol))&&n.host===r.host&&l.activeElement===s&&(d.top.location.href=t.value))}},d.addEventListener(\"message\",d.wp.receiveEmbedMessage,!1),l.addEventListener(\"DOMContentLoaded\",function(){for(var e,t,s=l.querySelectorAll(\"iframe.wp-embedded-content\"),r=0;r<s.length;r++)(t=(e=s[r]).getAttribute(\"data-secret\"))||(t=Math.random().toString(36).substring(2,12),e.src+=\"#?secret=\"+t,e.setAttribute(\"data-secret\",t)),e.contentWindow.postMessage({message:\"ready\",secret:t},\"*\")},!1)))}(window,document);\n\/\/# sourceURL=https:\/\/telefilm.ca\/wp-includes\/js\/wp-embed.min.js\n<\/script>\n","description":"APPEL D\u2019INSCRIPTION&nbsp; \u00c9dition:\u00a083e\u00a0 Format:\u00a0Longs m\u00e9trages, courts m\u00e9trages,\u00a0restaurations,\u00a0projets immersifs\u00a0 Site:\u00a0La Biennale di Venezia\u00a0 \u00c0 PROPOS\u00a0 Frais d\u2019inscription :\u00a080-250\u00a0\u20ac\u00a0\u00a0\u00a0 Comp\u00e9tition :\u00a0Oui\u00a0 Statut de premi\u00e8re requis\u202f:&nbsp;Mondiale&nbsp; Section\u00a0sp\u00e9ciale :\u00a0Venezia 83, Open,\u00a0Orizzonti, Venice Spotlight, Venice\u00a0Classics\u00a0 Festival qualifiant pour les Oscars :\u00a0Orizzonti\u00a0 Formulaire d\u2019inscription\u00a0:\u00a0Biennale Cinema 2026 | Submitting a film\u00a0 LE FESTIVAL EN CHIFFRES\u00a0 Nombre de films pr\u00e9sent\u00e9s:&nbsp;100+&nbsp; Programmation industrie parall\u00e8le [&hellip;]","thumbnail_url":"https:\/\/telefilm.ca\/wp-content\/uploads\/2026\/08\/og-image-t-1200x675-1.png","thumbnail_width":1200,"thumbnail_height":675}

Téléfilm Canada

Festival international de films de Venise - Mostra  | Téléfilm Canada

<blockquote class="wp-embedded-content" data-secret="cfFZLDmtIb"><a href="https://telefilm.ca/fr/appel-inscription/festival-international-de-films-de-venise-mostra">Festival international de films de Venise &#8211; Mostra </a></blockquote><iframe sandbox="allow-scripts" security="restricted" src="https://telefilm.ca/fr/appel-inscription/festival-international-de-films-de-venise-mostra/embed#?secret=cfFZLDmtIb" width="600" height="338" title="&laquo; Festival international de films de Venise &#8211; Mostra  &raquo; &#8212; Téléfilm Canada" data-secret="cfFZLDmtIb" frameborder="0" marginwidth="0" marginheight="0" scrolling="no" class="wp-embedded-content"></iframe><script>
/*! This file is auto-generated */
!function(d,l){"use strict";l.querySelector&&d.addEventListener&&"undefined"!=typeof URL&&(d.wp=d.wp||{},d.wp.receiveEmbedMessage||(d.wp.receiveEmbedMessage=function(e){var t=e.data;if((t||t.secret||t.message||t.value)&&!/[^a-zA-Z0-9]/.test(t.secret)){for(var s,r,n,a=l.querySelectorAll('iframe[data-secret="'+t.secret+'"]'),o=l.querySelectorAll('blockquote[data-secret="'+t.secret+'"]'),c=new RegExp("^https?:$","i"),i=0;i<o.length;i++)o[i].style.display="none";for(i=0;i<a.length;i++)s=a[i],e.source===s.contentWindow&&(s.removeAttribute("style"),"height"===t.message?(1e3<(r=parseInt(t.value,10))?r=1e3:~~r<200&&(r=200),s.height=r):"link"===t.message&&(r=new URL(s.getAttribute("src")),n=new URL(t.value),c.test(n.protocol))&&n.host===r.host&&l.activeElement===s&&(d.top.location.href=t.value))}},d.addEventListener("message",d.wp.receiveEmbedMessage,!1),l.addEventListener("DOMContentLoaded",function(){for(var e,t,s=l.querySelectorAll("iframe.wp-embedded-content"),r=0;r<s.length;r++)(t=(e=s[r]).getAttribute("data-secret"))||(t=Math.random().toString(36).substring(2,12),e.src+="#?secret="+t,e.setAttribute("data-secret",t)),e.contentWindow.postMessage({message:"ready",secret:t},"*")},!1)))}(window,document);
//# sourceURL=https://telefilm.ca/wp-includes/js/wp-embed.min.js
</script>

APPEL D’INSCRIPTION&nbsp; Édition: 83e  Format: Longs métrages, courts métrages, restaurations, projets immersifs  Site: La Biennale di Venezia  À PROPOS  Frais d’inscription : 80-250 €    Compétition : Oui  Statut de première requis :&nbsp;Mondiale&nbsp; Section spéciale : Venezia 83, Open, Orizzonti, Venice Spotlight, Venice Classics  Festival qualifiant pour les Oscars : Orizzonti  Formulaire d’inscription : Biennale Cinema 2026 | Submitting a film  LE FESTIVAL EN CHIFFRES  Nombre de films présentés:&nbsp;100+&nbsp; Programmation industrie parallèle [&hellip;]
