{"id":125201,"date":"2022-09-26T17:16:59","date_gmt":"2022-09-26T21:16:59","guid":{"rendered":"https:\/\/telefilm.ca\/?post_type=appel-inscription&#038;p=125201"},"modified":"2026-06-15T14:58:49","modified_gmt":"2026-06-15T18:58:49","slug":"dok-fest-munchen-2","status":"publish","type":"appel-inscription","link":"https:\/\/telefilm.ca\/fr\/appel-inscription\/dok-fest-munchen-2","title":{"rendered":"DOK.fest M\u00fcnchen\u00a0\u00a0"},"content":{"rendered":"<div class=\"editor-content\">\n<h3 class=\"wp-block-heading\" id=\"appel-dinscriptions\">Appel d&#8217;inscriptions<\/h3>\n\n\n\n<p class=\"wp-block-paragraph\"><em>(Documentaires longs m\u00e9trages)\u00a0<\/em><\/p>\n\n\n\n<p class=\"wp-block-paragraph\"><a href=\"https:\/\/www.dokfest-muenchen.de\/\" target=\"_blank\" rel=\"noreferrer noopener\">Dok.fest M\u00fcnchen<\/a> accepte pr\u00e9sentement les inscriptions pour son \u00e9dition 2023.\u00a0<\/p>\n\n\n\n<p class=\"wp-block-paragraph\"><strong>Veuillez noter que les films doivent \u00eatre soumis <\/strong><a href=\"https:\/\/www.dokfest-muenchen.de\/Submission?lang=en\" target=\"_blank\" rel=\"noreferrer noopener\"><strong>directement au festival<\/strong><\/a><strong>.<\/strong>\u00a0<\/p>\n\n\n\n<ul class=\"wp-block-list\"><li><strong>Comp\u00e9titif:<\/strong>\u00a0Oui<\/li><li><strong>Frais d&#8217;inscription:<\/strong> 40 euros<\/li><\/ul>\n\n\n\n<h5 class=\"wp-block-heading\" id=\"admissibilite\">ADMISSIBILIT\u00c9<\/h5>\n\n\n\n<p class=\"wp-block-paragraph\"><a href=\"https:\/\/www.dokfest-muenchen.de\/Submission?lang=en\" target=\"_blank\" rel=\"noreferrer noopener\">Veuillez consultez le site du festival<\/a>.\u00a0<\/p>\n\n\n\n<h5 class=\"wp-block-heading\" id=\"a-propos\">\u00c0 PROPOS<\/h5>\n\n\n\n<p class=\"wp-block-paragraph\"><strong>DOK.fest M\u00fcnchen <\/strong>est le plus grand festival de films documentaires en Allemagne reconnu pour sa programmation artistique qui pose un regard critique sur la soci\u00e9t\u00e9. Il est \u00e9galement devenu l&#8217;une des plateformes les plus importantes pour le cin\u00e9ma documentaire en Europe ces derni\u00e8res ann\u00e9es.&nbsp;<\/p>\n\n\n\n<p class=\"wp-block-paragraph\">L\u2019\u00e9dition 2022 \u00e0 inclus les films canadiens FIRE OF LOVE, BATATA et MIDWIVES.\u00a0<\/p>\n\n\n\n<p class=\"wp-block-paragraph\"><strong>Dok.forum Marketplace<\/strong> re\u00e7oit aussi les inscriptions pour les projets en d\u00e9veloppement. L\u2019appel ouvrira en d\u00e9cembre.\u00a0<\/p>\n\n\n\n<p class=\"wp-block-paragraph\">T\u00e9l\u00e9film Canada reconnait la s\u00e9lection d\u2019un long m\u00e9trage \u00e0 ce Festival et offre une aide financi\u00e8re via le\u202f<a href=\"https:\/\/telefilm.ca\/fr\/financement\/mise-en-marche-internationale\" target=\"_blank\" rel=\"noreferrer noopener\">Programme de promotion internationale.<\/a>\u00a0<\/p>\n\n\n\n<p class=\"wp-block-paragraph\"><strong>Promotion internationale<\/strong>\u00a0<br>T\u00e9l\u00e9film Canada, Montr\u00e9al\u00a0<br><a href=\"mailto:festivals@telefilm.ca\" target=\"_blank\" rel=\"noreferrer noopener\">festivals@telefilm.ca<\/a>\u00a0<br>1 800 567-0890\u00a0<\/p>\n<\/div>","protected":false},"template":"","categorie_appel_inscription":[],"class_list":["post-125201","appel-inscription","type-appel-inscription","status-publish","hentry"],"acf":{"date_debut":"20230503","date_fin":"20230514","ville":"Munich","pays":"Allemagne","edition":"","deadlines":[{"description":"Date limite d\u2019inscription","date":"20221216"}]},"yoast_head":"<!-- This site is optimized with the Yoast SEO plugin v28.4 - https:\/\/yoast.com\/product\/yoast-seo-wordpress\/ -->\n<title>DOK.fest M\u00fcnchen\u00a0\u00a0 | T\u00e9l\u00e9film Canada<\/title>\n<meta name=\"robots\" content=\"index, follow, max-snippet:-1, max-image-preview:large, max-video-preview:-1\" \/>\n<link rel=\"canonical\" href=\"https:\/\/telefilm.ca\/fr\/appel-inscription\/dok-fest-munchen-2\" \/>\n<meta property=\"og:locale\" content=\"fr_CA\" \/>\n<meta property=\"og:type\" content=\"article\" \/>\n<meta property=\"og:title\" content=\"DOK.fest M\u00fcnchen\u00a0\u00a0 | T\u00e9l\u00e9film Canada\" \/>\n<meta property=\"og:description\" content=\"Appel d&#8217;inscriptions (Documentaires longs m\u00e9trages)\u00a0 Dok.fest M\u00fcnchen accepte pr\u00e9sentement les inscriptions pour son \u00e9dition 2023.\u00a0 Veuillez noter que les films doivent \u00eatre soumis directement au festival.\u00a0 Comp\u00e9titif:\u00a0Oui Frais d&#8217;inscription: 40 euros ADMISSIBILIT\u00c9 Veuillez consultez le site du festival.\u00a0 \u00c0 PROPOS DOK.fest M\u00fcnchen est le plus grand festival de films documentaires en Allemagne reconnu pour sa [&hellip;]\" \/>\n<meta property=\"og:url\" content=\"https:\/\/telefilm.ca\/fr\/appel-inscription\/dok-fest-munchen-2\" \/>\n<meta property=\"og:site_name\" content=\"T\u00e9l\u00e9film Canada\" \/>\n<meta property=\"article:publisher\" content=\"https:\/\/www.facebook.com\/TelefilmCanada\/\" \/>\n<meta property=\"article:modified_time\" content=\"2026-06-15T18:58:49+00:00\" \/>\n<meta property=\"og:image\" content=\"https:\/\/telefilm.ca\/wp-content\/uploads\/2026\/08\/og-image-t-1200x675-1.png\" \/>\n\t<meta property=\"og:image:width\" content=\"1200\" \/>\n\t<meta property=\"og:image:height\" content=\"675\" \/>\n\t<meta property=\"og:image:type\" content=\"image\/png\" \/>\n<meta name=\"twitter:card\" content=\"summary_large_image\" \/>\n<meta name=\"twitter:site\" content=\"@Telefilm_Canada\" \/>\n<meta name=\"twitter:label1\" content=\"Estimation du temps de lecture\" \/>\n\t<meta name=\"twitter:data1\" content=\"1 minute\" \/>\n<script type=\"application\/ld+json\" class=\"yoast-schema-graph\">{\"@context\":\"https:\\\/\\\/schema.org\",\"@graph\":[{\"@type\":\"WebPage\",\"@id\":\"https:\\\/\\\/telefilm.ca\\\/fr\\\/appel-inscription\\\/dok-fest-munchen-2\",\"url\":\"https:\\\/\\\/telefilm.ca\\\/fr\\\/appel-inscription\\\/dok-fest-munchen-2\",\"name\":\"DOK.fest M\u00fcnchen\u00a0\u00a0 | T\u00e9l\u00e9film Canada\",\"isPartOf\":{\"@id\":\"https:\\\/\\\/telefilm.ca\\\/fr#website\"},\"datePublished\":\"2022-09-26T21:16:59+00:00\",\"dateModified\":\"2026-06-15T18:58:49+00:00\",\"breadcrumb\":{\"@id\":\"https:\\\/\\\/telefilm.ca\\\/fr\\\/appel-inscription\\\/dok-fest-munchen-2#breadcrumb\"},\"inLanguage\":\"fr-CA\",\"potentialAction\":[{\"@type\":\"ReadAction\",\"target\":[\"https:\\\/\\\/telefilm.ca\\\/fr\\\/appel-inscription\\\/dok-fest-munchen-2\"]}]},{\"@type\":\"BreadcrumbList\",\"@id\":\"https:\\\/\\\/telefilm.ca\\\/fr\\\/appel-inscription\\\/dok-fest-munchen-2#breadcrumb\",\"itemListElement\":[{\"@type\":\"ListItem\",\"position\":1,\"name\":\"Accueil\",\"item\":\"https:\\\/\\\/telefilm.ca\\\/fr\"},{\"@type\":\"ListItem\",\"position\":2,\"name\":\"Calls for Entry\",\"item\":\"https:\\\/\\\/telefilm.ca\\\/fr\\\/appel-inscription\"},{\"@type\":\"ListItem\",\"position\":3,\"name\":\"DOK.fest M\u00fcnchen\u00a0\u00a0\"}]},{\"@type\":\"WebSite\",\"@id\":\"https:\\\/\\\/telefilm.ca\\\/fr#website\",\"url\":\"https:\\\/\\\/telefilm.ca\\\/fr\",\"name\":\"T\u00e9l\u00e9film Canada\",\"description\":\"Partenaire de choix\",\"publisher\":{\"@id\":\"https:\\\/\\\/telefilm.ca\\\/fr#organization\"},\"potentialAction\":[{\"@type\":\"SearchAction\",\"target\":{\"@type\":\"EntryPoint\",\"urlTemplate\":\"https:\\\/\\\/telefilm.ca\\\/fr?s={search_term_string}\"},\"query-input\":{\"@type\":\"PropertyValueSpecification\",\"valueRequired\":true,\"valueName\":\"search_term_string\"}}],\"inLanguage\":\"fr-CA\"},{\"@type\":\"Organization\",\"@id\":\"https:\\\/\\\/telefilm.ca\\\/fr#organization\",\"name\":\"Telefilm Canada\",\"url\":\"https:\\\/\\\/telefilm.ca\\\/fr\",\"logo\":{\"@type\":\"ImageObject\",\"inLanguage\":\"fr-CA\",\"@id\":\"https:\\\/\\\/telefilm.ca\\\/fr#\\\/schema\\\/logo\\\/image\\\/\",\"url\":\"https:\\\/\\\/telefilm.ca\\\/wp-content\\\/uploads\\\/2026\\\/05\\\/cropped-tfc_favicon_512.png\",\"contentUrl\":\"https:\\\/\\\/telefilm.ca\\\/wp-content\\\/uploads\\\/2026\\\/05\\\/cropped-tfc_favicon_512.png\",\"width\":512,\"height\":512,\"caption\":\"Telefilm Canada\"},\"image\":{\"@id\":\"https:\\\/\\\/telefilm.ca\\\/fr#\\\/schema\\\/logo\\\/image\\\/\"},\"sameAs\":[\"https:\\\/\\\/www.facebook.com\\\/TelefilmCanada\\\/\",\"https:\\\/\\\/x.com\\\/Telefilm_Canada\",\"https:\\\/\\\/www.instagram.com\\\/telefilm_canada\\\/\",\"https:\\\/\\\/www.linkedin.com\\\/company\\\/telefilm-canada\\\/\",\"https:\\\/\\\/www.youtube.com\\\/user\\\/telefilmcanada\"]}]}<\/script>\n<!-- \/ Yoast SEO plugin. -->","yoast_head_json":{"title":"DOK.fest M\u00fcnchen\u00a0\u00a0 | T\u00e9l\u00e9film Canada","robots":{"index":"index","follow":"follow","max-snippet":"max-snippet:-1","max-image-preview":"max-image-preview:large","max-video-preview":"max-video-preview:-1"},"canonical":"https:\/\/telefilm.ca\/fr\/appel-inscription\/dok-fest-munchen-2","og_locale":"fr_CA","og_type":"article","og_title":"DOK.fest M\u00fcnchen\u00a0\u00a0 | T\u00e9l\u00e9film Canada","og_description":"Appel d&#8217;inscriptions (Documentaires longs m\u00e9trages)\u00a0 Dok.fest M\u00fcnchen accepte pr\u00e9sentement les inscriptions pour son \u00e9dition 2023.\u00a0 Veuillez noter que les films doivent \u00eatre soumis directement au festival.\u00a0 Comp\u00e9titif:\u00a0Oui Frais d&#8217;inscription: 40 euros ADMISSIBILIT\u00c9 Veuillez consultez le site du festival.\u00a0 \u00c0 PROPOS DOK.fest M\u00fcnchen est le plus grand festival de films documentaires en Allemagne reconnu pour sa [&hellip;]","og_url":"https:\/\/telefilm.ca\/fr\/appel-inscription\/dok-fest-munchen-2","og_site_name":"T\u00e9l\u00e9film Canada","article_publisher":"https:\/\/www.facebook.com\/TelefilmCanada\/","article_modified_time":"2026-06-15T18:58:49+00:00","og_image":[{"width":1200,"height":675,"url":"https:\/\/telefilm.ca\/wp-content\/uploads\/2026\/08\/og-image-t-1200x675-1.png","type":"image\/png"}],"twitter_card":"summary_large_image","twitter_site":"@Telefilm_Canada","twitter_misc":{"Estimation du temps de lecture":"1 minute"},"schema":{"@context":"https:\/\/schema.org","@graph":[{"@type":"WebPage","@id":"https:\/\/telefilm.ca\/fr\/appel-inscription\/dok-fest-munchen-2","url":"https:\/\/telefilm.ca\/fr\/appel-inscription\/dok-fest-munchen-2","name":"DOK.fest M\u00fcnchen\u00a0\u00a0 | T\u00e9l\u00e9film Canada","isPartOf":{"@id":"https:\/\/telefilm.ca\/fr#website"},"datePublished":"2022-09-26T21:16:59+00:00","dateModified":"2026-06-15T18:58:49+00:00","breadcrumb":{"@id":"https:\/\/telefilm.ca\/fr\/appel-inscription\/dok-fest-munchen-2#breadcrumb"},"inLanguage":"fr-CA","potentialAction":[{"@type":"ReadAction","target":["https:\/\/telefilm.ca\/fr\/appel-inscription\/dok-fest-munchen-2"]}]},{"@type":"BreadcrumbList","@id":"https:\/\/telefilm.ca\/fr\/appel-inscription\/dok-fest-munchen-2#breadcrumb","itemListElement":[{"@type":"ListItem","position":1,"name":"Accueil","item":"https:\/\/telefilm.ca\/fr"},{"@type":"ListItem","position":2,"name":"Calls for Entry","item":"https:\/\/telefilm.ca\/fr\/appel-inscription"},{"@type":"ListItem","position":3,"name":"DOK.fest M\u00fcnchen\u00a0\u00a0"}]},{"@type":"WebSite","@id":"https:\/\/telefilm.ca\/fr#website","url":"https:\/\/telefilm.ca\/fr","name":"T\u00e9l\u00e9film Canada","description":"Partenaire de choix","publisher":{"@id":"https:\/\/telefilm.ca\/fr#organization"},"potentialAction":[{"@type":"SearchAction","target":{"@type":"EntryPoint","urlTemplate":"https:\/\/telefilm.ca\/fr?s={search_term_string}"},"query-input":{"@type":"PropertyValueSpecification","valueRequired":true,"valueName":"search_term_string"}}],"inLanguage":"fr-CA"},{"@type":"Organization","@id":"https:\/\/telefilm.ca\/fr#organization","name":"Telefilm Canada","url":"https:\/\/telefilm.ca\/fr","logo":{"@type":"ImageObject","inLanguage":"fr-CA","@id":"https:\/\/telefilm.ca\/fr#\/schema\/logo\/image\/","url":"https:\/\/telefilm.ca\/wp-content\/uploads\/2026\/05\/cropped-tfc_favicon_512.png","contentUrl":"https:\/\/telefilm.ca\/wp-content\/uploads\/2026\/05\/cropped-tfc_favicon_512.png","width":512,"height":512,"caption":"Telefilm Canada"},"image":{"@id":"https:\/\/telefilm.ca\/fr#\/schema\/logo\/image\/"},"sameAs":["https:\/\/www.facebook.com\/TelefilmCanada\/","https:\/\/x.com\/Telefilm_Canada","https:\/\/www.instagram.com\/telefilm_canada\/","https:\/\/www.linkedin.com\/company\/telefilm-canada\/","https:\/\/www.youtube.com\/user\/telefilmcanada"]}]}},"wpml_current_locale":"fr_CA","wpml_translations":[{"locale":"en_CA","id":125190,"post_title":"DOK.fest M\u00fcnchen\u00a0\u00a0","href":"https:\/\/telefilm.ca\/en\/dok-fest-munchen\/"}],"_links":{"self":[{"href":"https:\/\/telefilm.ca\/fr\/wp-json\/wp\/v2\/appel-inscription\/125201","targetHints":{"allow":["GET"]}}],"collection":[{"href":"https:\/\/telefilm.ca\/fr\/wp-json\/wp\/v2\/appel-inscription"}],"about":[{"href":"https:\/\/telefilm.ca\/fr\/wp-json\/wp\/v2\/types\/appel-inscription"}],"version-history":[{"count":5,"href":"https:\/\/telefilm.ca\/fr\/wp-json\/wp\/v2\/appel-inscription\/125201\/revisions"}],"predecessor-version":[{"id":125206,"href":"https:\/\/telefilm.ca\/fr\/wp-json\/wp\/v2\/appel-inscription\/125201\/revisions\/125206"}],"wp:attachment":[{"href":"https:\/\/telefilm.ca\/fr\/wp-json\/wp\/v2\/media?parent=125201"}],"wp:term":[{"taxonomy":"categorie_appel_inscription","embeddable":true,"href":"https:\/\/telefilm.ca\/fr\/wp-json\/wp\/v2\/categorie_appel_inscription?post=125201"}],"curies":[{"name":"wp","href":"https:\/\/api.w.org\/{rel}","templated":true}]}}

DOK.fest München

<div class="editor-content">
<h3 class="wp-block-heading" id="appel-dinscriptions">Appel d&#8217;inscriptions</h3>



<p class="wp-block-paragraph"><em>(Documentaires longs métrages) </em></p>



<p class="wp-block-paragraph"><a href="https://www.dokfest-muenchen.de/" target="_blank" rel="noreferrer noopener">Dok.fest München</a> accepte présentement les inscriptions pour son édition 2023. </p>



<p class="wp-block-paragraph"><strong>Veuillez noter que les films doivent être soumis </strong><a href="https://www.dokfest-muenchen.de/Submission?lang=en" target="_blank" rel="noreferrer noopener"><strong>directement au festival</strong></a><strong>.</strong> </p>



<ul class="wp-block-list"><li><strong>Compétitif:</strong> Oui</li><li><strong>Frais d&#8217;inscription:</strong> 40 euros</li></ul>



<h5 class="wp-block-heading" id="admissibilite">ADMISSIBILITÉ</h5>



<p class="wp-block-paragraph"><a href="https://www.dokfest-muenchen.de/Submission?lang=en" target="_blank" rel="noreferrer noopener">Veuillez consultez le site du festival</a>. </p>



<h5 class="wp-block-heading" id="a-propos">À PROPOS</h5>



<p class="wp-block-paragraph"><strong>DOK.fest München </strong>est le plus grand festival de films documentaires en Allemagne reconnu pour sa programmation artistique qui pose un regard critique sur la société. Il est également devenu l&#8217;une des plateformes les plus importantes pour le cinéma documentaire en Europe ces dernières années.&nbsp;</p>



<p class="wp-block-paragraph">L’édition 2022 à inclus les films canadiens FIRE OF LOVE, BATATA et MIDWIVES. </p>



<p class="wp-block-paragraph"><strong>Dok.forum Marketplace</strong> reçoit aussi les inscriptions pour les projets en développement. L’appel ouvrira en décembre. </p>



<p class="wp-block-paragraph">Téléfilm Canada reconnait la sélection d’un long métrage à ce Festival et offre une aide financière via le <a href="https://telefilm.ca/fr/financement/mise-en-marche-internationale" target="_blank" rel="noreferrer noopener">Programme de promotion internationale.</a> </p>



<p class="wp-block-paragraph"><strong>Promotion internationale</strong> <br>Téléfilm Canada, Montréal <br><a href="mailto:festivals@telefilm.ca" target="_blank" rel="noreferrer noopener">festivals@telefilm.ca</a> <br>1 800 567-0890 </p>
</div>

<!-- This site is optimized with the Yoast SEO plugin v28.4 - https://yoast.com/product/yoast-seo-wordpress/ -->
<title>DOK.fest München   | Téléfilm Canada</title>
<meta name="robots" content="index, follow, max-snippet:-1, max-image-preview:large, max-video-preview:-1" />
<link rel="canonical" href="https://telefilm.ca/fr/appel-inscription/dok-fest-munchen-2" />
<meta property="og:locale" content="fr_CA" />
<meta property="og:type" content="article" />
<meta property="og:title" content="DOK.fest München   | Téléfilm Canada" />
<meta property="og:description" content="Appel d&#8217;inscriptions (Documentaires longs métrages)  Dok.fest München accepte présentement les inscriptions pour son édition 2023.  Veuillez noter que les films doivent être soumis directement au festival.  Compétitif: Oui Frais d&#8217;inscription: 40 euros ADMISSIBILITÉ Veuillez consultez le site du festival.  À PROPOS DOK.fest München est le plus grand festival de films documentaires en Allemagne reconnu pour sa [&hellip;]" />
<meta property="og:url" content="https://telefilm.ca/fr/appel-inscription/dok-fest-munchen-2" />
<meta property="og:site_name" content="Téléfilm Canada" />
<meta property="article:publisher" content="https://www.facebook.com/TelefilmCanada/" />
<meta property="article:modified_time" content="2026-06-15T18:58:49+00:00" />
<meta property="og:image" content="https://telefilm.ca/wp-content/uploads/2026/08/og-image-t-1200x675-1.png" />
	<meta property="og:image:width" content="1200" />
	<meta property="og:image:height" content="675" />
	<meta property="og:image:type" content="image/png" />
<meta name="twitter:card" content="summary_large_image" />
<meta name="twitter:site" content="@Telefilm_Canada" />
<meta name="twitter:label1" content="Estimation du temps de lecture" />
	<meta name="twitter:data1" content="1 minute" />
<script type="application/ld+json" class="yoast-schema-graph">{"@context":"https:\/\/schema.org","@graph":[{"@type":"WebPage","@id":"https:\/\/telefilm.ca\/fr\/appel-inscription\/dok-fest-munchen-2","url":"https:\/\/telefilm.ca\/fr\/appel-inscription\/dok-fest-munchen-2","name":"DOK.fest München   | Téléfilm Canada","isPartOf":{"@id":"https:\/\/telefilm.ca\/fr#website"},"datePublished":"2022-09-26T21:16:59+00:00","dateModified":"2026-06-15T18:58:49+00:00","breadcrumb":{"@id":"https:\/\/telefilm.ca\/fr\/appel-inscription\/dok-fest-munchen-2#breadcrumb"},"inLanguage":"fr-CA","potentialAction":[{"@type":"ReadAction","target":["https:\/\/telefilm.ca\/fr\/appel-inscription\/dok-fest-munchen-2"]}]},{"@type":"BreadcrumbList","@id":"https:\/\/telefilm.ca\/fr\/appel-inscription\/dok-fest-munchen-2#breadcrumb","itemListElement":[{"@type":"ListItem","position":1,"name":"Accueil","item":"https:\/\/telefilm.ca\/fr"},{"@type":"ListItem","position":2,"name":"Calls for Entry","item":"https:\/\/telefilm.ca\/fr\/appel-inscription"},{"@type":"ListItem","position":3,"name":"DOK.fest München  "}]},{"@type":"WebSite","@id":"https:\/\/telefilm.ca\/fr#website","url":"https:\/\/telefilm.ca\/fr","name":"Téléfilm Canada","description":"Partenaire de choix","publisher":{"@id":"https:\/\/telefilm.ca\/fr#organization"},"potentialAction":[{"@type":"SearchAction","target":{"@type":"EntryPoint","urlTemplate":"https:\/\/telefilm.ca\/fr?s={search_term_string}"},"query-input":{"@type":"PropertyValueSpecification","valueRequired":true,"valueName":"search_term_string"}}],"inLanguage":"fr-CA"},{"@type":"Organization","@id":"https:\/\/telefilm.ca\/fr#organization","name":"Telefilm Canada","url":"https:\/\/telefilm.ca\/fr","logo":{"@type":"ImageObject","inLanguage":"fr-CA","@id":"https:\/\/telefilm.ca\/fr#\/schema\/logo\/image\/","url":"https:\/\/telefilm.ca\/wp-content\/uploads\/2026\/05\/cropped-tfc_favicon_512.png","contentUrl":"https:\/\/telefilm.ca\/wp-content\/uploads\/2026\/05\/cropped-tfc_favicon_512.png","width":512,"height":512,"caption":"Telefilm Canada"},"image":{"@id":"https:\/\/telefilm.ca\/fr#\/schema\/logo\/image\/"},"sameAs":["https:\/\/www.facebook.com\/TelefilmCanada\/","https:\/\/x.com\/Telefilm_Canada","https:\/\/www.instagram.com\/telefilm_canada\/","https:\/\/www.linkedin.com\/company\/telefilm-canada\/","https:\/\/www.youtube.com\/user\/telefilmcanada"]}]}</script>
<!-- / Yoast SEO plugin. -->

DOK.fest München   | Téléfilm Canada

Appel d&#8217;inscriptions (Documentaires longs métrages)  Dok.fest München accepte présentement les inscriptions pour son édition 2023.  Veuillez noter que les films doivent être soumis directement au festival.  Compétitif: Oui Frais d&#8217;inscription: 40 euros ADMISSIBILITÉ Veuillez consultez le site du festival.  À PROPOS DOK.fest München est le plus grand festival de films documentaires en Allemagne reconnu pour sa [&hellip;]

Téléfilm Canada
