{"id":2703,"date":"2019-05-31T11:19:34","date_gmt":"2019-05-31T11:19:34","guid":{"rendered":"https:\/\/telefilm.ca\/appel-inscription\/23e-tallinn-black-nights-film-festival"},"modified":"2022-08-03T02:24:33","modified_gmt":"2022-08-03T02:24:33","slug":"23e-tallinn-black-nights-film-festival","status":"publish","type":"appel-inscription","link":"https:\/\/telefilm.ca\/fr\/appel-inscription\/23e-tallinn-black-nights-film-festival","title":{"rendered":"23e Tallinn Black Nights Film Festival"},"content":{"rendered":"<div class=\"editor-content\"><h4><strong>Appel d\u2019inscriptions<br \/>\n<\/strong><\/h4>\n<p class=\"wp-block-paragraph\"><strong>(Longs m\u00e9trages de fiction)<\/strong><\/p>\n<p>&nbsp;<\/p>\n<p>Le <a href=\"https:\/\/2018.poff.ee\/submission\">Tallinn Black Nights Film Festival<\/a> accepte pr\u00e9sentement les inscriptions pour son \u00e9dition 2019.<\/p>\n<p><strong>Veuillez noter que les films doivent \u00eatre soumis directement au festival.<\/strong><strong>\u00a0<\/strong><\/p>\n<ul>\n<li>Format de soumission : Lien de visionnement s\u00e9curis\u00e9 via la plateforme Freeway<\/li>\n<li>Comp\u00e9titif : Oui<\/li>\n<li>Frais d\u2019inscription : Oui<\/li>\n<\/ul>\n<p>&nbsp;<\/p>\n<h5><strong>Admissibilit\u00e9\u00a0:<\/strong><\/h5>\n<ul>\n<li>Le festival pr\u00e9sente des longs m\u00e9trages de fiction (60 minutes et plus);<\/li>\n<li>Les films en comp\u00e9tition doivent \u00eatre des premi\u00e8res mondiales ou internationales ; le statut de premi\u00e8re europ\u00e9enne pourra \u00eatre consid\u00e9r\u00e9 pour les autres sections.<\/li>\n<li>Les films doivent avoir \u00e9t\u00e9 compl\u00e9t\u00e9s apr\u00e8s le 15 septembre 2018;<\/li>\n<li>Les films soumis doivent \u00eatre pr\u00e9sent\u00e9s en version originale avec sous-titres anglais.<\/li>\n<\/ul>\n<p>&nbsp;<\/p>\n<p>Tallinn Black Nights est le seul d\u2019Europe du nord reconnu par la FIAPF. Il attire pr\u00e8s de 1\u00a0000 d\u00e9l\u00e9gu\u00e9s professionnels. Il organise deux comp\u00e9titions internationales, dont une r\u00e9serv\u00e9e aux premiers longs m\u00e9trages. \u00a0De nombreux prix sont accompagn\u00e9s de r\u00e9compenses mon\u00e9taires dont le Grand Prix pour le Meilleur Film (10,000 \u20ac partag\u00e9s entre le cin\u00e9aste et le producteur), Meilleur cin\u00e9aste (5000 \u20ac) and Meilleur premier film (5000 \u20ac partag\u00e9s entre le cin\u00e9aste et le producteur).<\/p>\n<p>T\u00e9l\u00e9film Canada reconnait la participation \u00e0 ce Festival pour une demande de soutien dans le cadre du <a href=\"https:\/\/telefilm.ca\/fr\/financement\/mise-en-marche-internationale\">Programme d\u2019aide \u00e0 la participation aux festivals et \u00e9v\u00e9nements internationaux<\/a>.<\/p>\n<p>Vous pouvez vous <a href=\"https:\/\/telefilm.ca\/fr\/propos-de-telefilm-canada\">abonner<\/a> en ligne pour recevoir tous nos appels d\u2019inscriptions aux festivals ou visiter notre <a href=\"https:\/\/telefilm.ca\/fr\/festivals-et-marches\/appels-dinscription-aux-festivals-et-marches\">site Web<\/a> r\u00e9guli\u00e8rement.<\/p>\n<p><strong>\u00a0<\/strong><\/p>\n<p><strong>Promotion et communications<\/strong><br \/>\nT\u00e9l\u00e9film Canada, Montr\u00e9al<br \/>\n<a href=\"mailto:festivals@telefilm.ca\">festivals@telefilm.ca<\/a><br \/>\n1 800 567-0890<\/p>\n<\/div>","protected":false},"template":"","categorie_appel_inscription":[14],"class_list":["post-2703","appel-inscription","type-appel-inscription","status-publish","hentry","categorie_appel_inscription-festival-fr"],"acf":{"date_debut":"20191115","date_fin":"20191201","ville":"Tallinn","pays":"Estonie","edition":"","deadlines":[{"description":"Date limite d\u2019inscription","date":"20190817"}]},"yoast_head":"<!-- This site is optimized with the Yoast SEO plugin v28.4 - https:\/\/yoast.com\/product\/yoast-seo-wordpress\/ -->\n<title>23e Tallinn Black Nights Film Festival | T\u00e9l\u00e9film Canada<\/title>\n<meta name=\"robots\" content=\"index, follow, max-snippet:-1, max-image-preview:large, max-video-preview:-1\" \/>\n<link rel=\"canonical\" href=\"https:\/\/telefilm.ca\/fr\/appel-inscription\/23e-tallinn-black-nights-film-festival\" \/>\n<meta property=\"og:locale\" content=\"fr_CA\" \/>\n<meta property=\"og:type\" content=\"article\" \/>\n<meta property=\"og:title\" content=\"23e Tallinn Black Nights Film Festival | T\u00e9l\u00e9film Canada\" \/>\n<meta property=\"og:description\" content=\"Appel d\u2019inscriptions (Longs m\u00e9trages de fiction) &nbsp; Le Tallinn Black Nights Film Festival accepte pr\u00e9sentement les inscriptions pour son \u00e9dition 2019. Veuillez noter que les films doivent \u00eatre soumis directement au festival.\u00a0 Format de soumission : Lien de visionnement s\u00e9curis\u00e9 via la plateforme Freeway Comp\u00e9titif : Oui Frais d\u2019inscription : Oui &nbsp; Admissibilit\u00e9\u00a0: Le festival [&hellip;]\" \/>\n<meta property=\"og:url\" content=\"https:\/\/telefilm.ca\/fr\/appel-inscription\/23e-tallinn-black-nights-film-festival\" \/>\n<meta property=\"og:site_name\" content=\"T\u00e9l\u00e9film Canada\" \/>\n<meta property=\"article:publisher\" content=\"https:\/\/www.facebook.com\/TelefilmCanada\/\" \/>\n<meta property=\"article:modified_time\" content=\"2022-08-03T02:24:33+00:00\" \/>\n<meta property=\"og:image\" content=\"https:\/\/telefilm.ca\/wp-content\/uploads\/2026\/08\/og-image-t-1200x675-1.png\" \/>\n\t<meta property=\"og:image:width\" content=\"1200\" \/>\n\t<meta property=\"og:image:height\" content=\"675\" \/>\n\t<meta property=\"og:image:type\" content=\"image\/png\" \/>\n<meta name=\"twitter:card\" content=\"summary_large_image\" \/>\n<meta name=\"twitter:site\" content=\"@Telefilm_Canada\" \/>\n<meta name=\"twitter:label1\" content=\"Estimation du temps de lecture\" \/>\n\t<meta name=\"twitter:data1\" content=\"1 minute\" \/>\n<script type=\"application\/ld+json\" class=\"yoast-schema-graph\">{\"@context\":\"https:\\\/\\\/schema.org\",\"@graph\":[{\"@type\":\"WebPage\",\"@id\":\"https:\\\/\\\/telefilm.ca\\\/fr\\\/appel-inscription\\\/23e-tallinn-black-nights-film-festival\",\"url\":\"https:\\\/\\\/telefilm.ca\\\/fr\\\/appel-inscription\\\/23e-tallinn-black-nights-film-festival\",\"name\":\"23e Tallinn Black Nights Film Festival | T\u00e9l\u00e9film Canada\",\"isPartOf\":{\"@id\":\"https:\\\/\\\/telefilm.ca\\\/fr#website\"},\"datePublished\":\"2019-05-31T11:19:34+00:00\",\"dateModified\":\"2022-08-03T02:24:33+00:00\",\"breadcrumb\":{\"@id\":\"https:\\\/\\\/telefilm.ca\\\/fr\\\/appel-inscription\\\/23e-tallinn-black-nights-film-festival#breadcrumb\"},\"inLanguage\":\"fr-CA\",\"potentialAction\":[{\"@type\":\"ReadAction\",\"target\":[\"https:\\\/\\\/telefilm.ca\\\/fr\\\/appel-inscription\\\/23e-tallinn-black-nights-film-festival\"]}]},{\"@type\":\"BreadcrumbList\",\"@id\":\"https:\\\/\\\/telefilm.ca\\\/fr\\\/appel-inscription\\\/23e-tallinn-black-nights-film-festival#breadcrumb\",\"itemListElement\":[{\"@type\":\"ListItem\",\"position\":1,\"name\":\"Accueil\",\"item\":\"https:\\\/\\\/telefilm.ca\\\/fr\"},{\"@type\":\"ListItem\",\"position\":2,\"name\":\"Calls for Entry\",\"item\":\"https:\\\/\\\/telefilm.ca\\\/fr\\\/appel-inscription\"},{\"@type\":\"ListItem\",\"position\":3,\"name\":\"23e Tallinn Black Nights Film Festival\"}]},{\"@type\":\"WebSite\",\"@id\":\"https:\\\/\\\/telefilm.ca\\\/fr#website\",\"url\":\"https:\\\/\\\/telefilm.ca\\\/fr\",\"name\":\"T\u00e9l\u00e9film Canada\",\"description\":\"Partenaire de choix\",\"publisher\":{\"@id\":\"https:\\\/\\\/telefilm.ca\\\/fr#organization\"},\"potentialAction\":[{\"@type\":\"SearchAction\",\"target\":{\"@type\":\"EntryPoint\",\"urlTemplate\":\"https:\\\/\\\/telefilm.ca\\\/fr?s={search_term_string}\"},\"query-input\":{\"@type\":\"PropertyValueSpecification\",\"valueRequired\":true,\"valueName\":\"search_term_string\"}}],\"inLanguage\":\"fr-CA\"},{\"@type\":\"Organization\",\"@id\":\"https:\\\/\\\/telefilm.ca\\\/fr#organization\",\"name\":\"Telefilm Canada\",\"url\":\"https:\\\/\\\/telefilm.ca\\\/fr\",\"logo\":{\"@type\":\"ImageObject\",\"inLanguage\":\"fr-CA\",\"@id\":\"https:\\\/\\\/telefilm.ca\\\/fr#\\\/schema\\\/logo\\\/image\\\/\",\"url\":\"https:\\\/\\\/telefilm.ca\\\/wp-content\\\/uploads\\\/2026\\\/05\\\/cropped-tfc_favicon_512.png\",\"contentUrl\":\"https:\\\/\\\/telefilm.ca\\\/wp-content\\\/uploads\\\/2026\\\/05\\\/cropped-tfc_favicon_512.png\",\"width\":512,\"height\":512,\"caption\":\"Telefilm Canada\"},\"image\":{\"@id\":\"https:\\\/\\\/telefilm.ca\\\/fr#\\\/schema\\\/logo\\\/image\\\/\"},\"sameAs\":[\"https:\\\/\\\/www.facebook.com\\\/TelefilmCanada\\\/\",\"https:\\\/\\\/x.com\\\/Telefilm_Canada\",\"https:\\\/\\\/www.instagram.com\\\/telefilm_canada\\\/\",\"https:\\\/\\\/www.linkedin.com\\\/company\\\/telefilm-canada\\\/\",\"https:\\\/\\\/www.youtube.com\\\/user\\\/telefilmcanada\"]}]}<\/script>\n<!-- \/ Yoast SEO plugin. -->","yoast_head_json":{"title":"23e Tallinn Black Nights Film Festival | T\u00e9l\u00e9film Canada","robots":{"index":"index","follow":"follow","max-snippet":"max-snippet:-1","max-image-preview":"max-image-preview:large","max-video-preview":"max-video-preview:-1"},"canonical":"https:\/\/telefilm.ca\/fr\/appel-inscription\/23e-tallinn-black-nights-film-festival","og_locale":"fr_CA","og_type":"article","og_title":"23e Tallinn Black Nights Film Festival | T\u00e9l\u00e9film Canada","og_description":"Appel d\u2019inscriptions (Longs m\u00e9trages de fiction) &nbsp; Le Tallinn Black Nights Film Festival accepte pr\u00e9sentement les inscriptions pour son \u00e9dition 2019. Veuillez noter que les films doivent \u00eatre soumis directement au festival.\u00a0 Format de soumission : Lien de visionnement s\u00e9curis\u00e9 via la plateforme Freeway Comp\u00e9titif : Oui Frais d\u2019inscription : Oui &nbsp; Admissibilit\u00e9\u00a0: Le festival [&hellip;]","og_url":"https:\/\/telefilm.ca\/fr\/appel-inscription\/23e-tallinn-black-nights-film-festival","og_site_name":"T\u00e9l\u00e9film Canada","article_publisher":"https:\/\/www.facebook.com\/TelefilmCanada\/","article_modified_time":"2022-08-03T02:24:33+00:00","og_image":[{"width":1200,"height":675,"url":"https:\/\/telefilm.ca\/wp-content\/uploads\/2026\/08\/og-image-t-1200x675-1.png","type":"image\/png"}],"twitter_card":"summary_large_image","twitter_site":"@Telefilm_Canada","twitter_misc":{"Estimation du temps de lecture":"1 minute"},"schema":{"@context":"https:\/\/schema.org","@graph":[{"@type":"WebPage","@id":"https:\/\/telefilm.ca\/fr\/appel-inscription\/23e-tallinn-black-nights-film-festival","url":"https:\/\/telefilm.ca\/fr\/appel-inscription\/23e-tallinn-black-nights-film-festival","name":"23e Tallinn Black Nights Film Festival | T\u00e9l\u00e9film Canada","isPartOf":{"@id":"https:\/\/telefilm.ca\/fr#website"},"datePublished":"2019-05-31T11:19:34+00:00","dateModified":"2022-08-03T02:24:33+00:00","breadcrumb":{"@id":"https:\/\/telefilm.ca\/fr\/appel-inscription\/23e-tallinn-black-nights-film-festival#breadcrumb"},"inLanguage":"fr-CA","potentialAction":[{"@type":"ReadAction","target":["https:\/\/telefilm.ca\/fr\/appel-inscription\/23e-tallinn-black-nights-film-festival"]}]},{"@type":"BreadcrumbList","@id":"https:\/\/telefilm.ca\/fr\/appel-inscription\/23e-tallinn-black-nights-film-festival#breadcrumb","itemListElement":[{"@type":"ListItem","position":1,"name":"Accueil","item":"https:\/\/telefilm.ca\/fr"},{"@type":"ListItem","position":2,"name":"Calls for Entry","item":"https:\/\/telefilm.ca\/fr\/appel-inscription"},{"@type":"ListItem","position":3,"name":"23e Tallinn Black Nights Film Festival"}]},{"@type":"WebSite","@id":"https:\/\/telefilm.ca\/fr#website","url":"https:\/\/telefilm.ca\/fr","name":"T\u00e9l\u00e9film Canada","description":"Partenaire de choix","publisher":{"@id":"https:\/\/telefilm.ca\/fr#organization"},"potentialAction":[{"@type":"SearchAction","target":{"@type":"EntryPoint","urlTemplate":"https:\/\/telefilm.ca\/fr?s={search_term_string}"},"query-input":{"@type":"PropertyValueSpecification","valueRequired":true,"valueName":"search_term_string"}}],"inLanguage":"fr-CA"},{"@type":"Organization","@id":"https:\/\/telefilm.ca\/fr#organization","name":"Telefilm Canada","url":"https:\/\/telefilm.ca\/fr","logo":{"@type":"ImageObject","inLanguage":"fr-CA","@id":"https:\/\/telefilm.ca\/fr#\/schema\/logo\/image\/","url":"https:\/\/telefilm.ca\/wp-content\/uploads\/2026\/05\/cropped-tfc_favicon_512.png","contentUrl":"https:\/\/telefilm.ca\/wp-content\/uploads\/2026\/05\/cropped-tfc_favicon_512.png","width":512,"height":512,"caption":"Telefilm Canada"},"image":{"@id":"https:\/\/telefilm.ca\/fr#\/schema\/logo\/image\/"},"sameAs":["https:\/\/www.facebook.com\/TelefilmCanada\/","https:\/\/x.com\/Telefilm_Canada","https:\/\/www.instagram.com\/telefilm_canada\/","https:\/\/www.linkedin.com\/company\/telefilm-canada\/","https:\/\/www.youtube.com\/user\/telefilmcanada"]}]}},"wpml_current_locale":"fr_CA","wpml_translations":[{"locale":"en_CA","id":2702,"post_title":"23rd Tallinn Black Nights Film Festival","href":"https:\/\/telefilm.ca\/en\/23rd-tallinn-black-nights-film-festival\/"}],"_links":{"self":[{"href":"https:\/\/telefilm.ca\/fr\/wp-json\/wp\/v2\/appel-inscription\/2703","targetHints":{"allow":["GET"]}}],"collection":[{"href":"https:\/\/telefilm.ca\/fr\/wp-json\/wp\/v2\/appel-inscription"}],"about":[{"href":"https:\/\/telefilm.ca\/fr\/wp-json\/wp\/v2\/types\/appel-inscription"}],"version-history":[{"count":0,"href":"https:\/\/telefilm.ca\/fr\/wp-json\/wp\/v2\/appel-inscription\/2703\/revisions"}],"wp:attachment":[{"href":"https:\/\/telefilm.ca\/fr\/wp-json\/wp\/v2\/media?parent=2703"}],"wp:term":[{"taxonomy":"categorie_appel_inscription","embeddable":true,"href":"https:\/\/telefilm.ca\/fr\/wp-json\/wp\/v2\/categorie_appel_inscription?post=2703"}],"curies":[{"name":"wp","href":"https:\/\/api.w.org\/{rel}","templated":true}]}}

<div class="editor-content"><h4><strong>Appel d’inscriptions<br />
</strong></h4>
<p class="wp-block-paragraph"><strong>(Longs métrages de fiction)</strong></p>
<p>&nbsp;</p>
<p>Le <a href="https://2018.poff.ee/submission">Tallinn Black Nights Film Festival</a> accepte présentement les inscriptions pour son édition 2019.</p>
<p><strong>Veuillez noter que les films doivent être soumis directement au festival.</strong><strong> </strong></p>
<ul>
<li>Format de soumission : Lien de visionnement sécurisé via la plateforme Freeway</li>
<li>Compétitif : Oui</li>
<li>Frais d’inscription : Oui</li>
</ul>
<p>&nbsp;</p>
<h5><strong>Admissibilité :</strong></h5>
<ul>
<li>Le festival présente des longs métrages de fiction (60 minutes et plus);</li>
<li>Les films en compétition doivent être des premières mondiales ou internationales ; le statut de première européenne pourra être considéré pour les autres sections.</li>
<li>Les films doivent avoir été complétés après le 15 septembre 2018;</li>
<li>Les films soumis doivent être présentés en version originale avec sous-titres anglais.</li>
</ul>
<p>&nbsp;</p>
<p>Tallinn Black Nights est le seul d’Europe du nord reconnu par la FIAPF. Il attire près de 1 000 délégués professionnels. Il organise deux compétitions internationales, dont une réservée aux premiers longs métrages.  De nombreux prix sont accompagnés de récompenses monétaires dont le Grand Prix pour le Meilleur Film (10,000 € partagés entre le cinéaste et le producteur), Meilleur cinéaste (5000 €) and Meilleur premier film (5000 € partagés entre le cinéaste et le producteur).</p>
<p>Téléfilm Canada reconnait la participation à ce Festival pour une demande de soutien dans le cadre du <a href="https://telefilm.ca/fr/financement/mise-en-marche-internationale">Programme d’aide à la participation aux festivals et événements internationaux</a>.</p>
<p>Vous pouvez vous <a href="https://telefilm.ca/fr/propos-de-telefilm-canada">abonner</a> en ligne pour recevoir tous nos appels d’inscriptions aux festivals ou visiter notre <a href="https://telefilm.ca/fr/festivals-et-marches/appels-dinscription-aux-festivals-et-marches">site Web</a> régulièrement.</p>
<p><strong> </strong></p>
<p><strong>Promotion et communications</strong><br />
Téléfilm Canada, Montréal<br />
<a href="mailto:festivals@telefilm.ca">festivals@telefilm.ca</a><br />
1 800 567-0890</p>
</div>

<!-- This site is optimized with the Yoast SEO plugin v28.4 - https://yoast.com/product/yoast-seo-wordpress/ -->
<title>23e Tallinn Black Nights Film Festival | Téléfilm Canada</title>
<meta name="robots" content="index, follow, max-snippet:-1, max-image-preview:large, max-video-preview:-1" />
<link rel="canonical" href="https://telefilm.ca/fr/appel-inscription/23e-tallinn-black-nights-film-festival" />
<meta property="og:locale" content="fr_CA" />
<meta property="og:type" content="article" />
<meta property="og:title" content="23e Tallinn Black Nights Film Festival | Téléfilm Canada" />
<meta property="og:description" content="Appel d’inscriptions (Longs métrages de fiction) &nbsp; Le Tallinn Black Nights Film Festival accepte présentement les inscriptions pour son édition 2019. Veuillez noter que les films doivent être soumis directement au festival.  Format de soumission : Lien de visionnement sécurisé via la plateforme Freeway Compétitif : Oui Frais d’inscription : Oui &nbsp; Admissibilité : Le festival [&hellip;]" />
<meta property="og:url" content="https://telefilm.ca/fr/appel-inscription/23e-tallinn-black-nights-film-festival" />
<meta property="og:site_name" content="Téléfilm Canada" />
<meta property="article:publisher" content="https://www.facebook.com/TelefilmCanada/" />
<meta property="article:modified_time" content="2022-08-03T02:24:33+00:00" />
<meta property="og:image" content="https://telefilm.ca/wp-content/uploads/2026/08/og-image-t-1200x675-1.png" />
	<meta property="og:image:width" content="1200" />
	<meta property="og:image:height" content="675" />
	<meta property="og:image:type" content="image/png" />
<meta name="twitter:card" content="summary_large_image" />
<meta name="twitter:site" content="@Telefilm_Canada" />
<meta name="twitter:label1" content="Estimation du temps de lecture" />
	<meta name="twitter:data1" content="1 minute" />
<script type="application/ld+json" class="yoast-schema-graph">{"@context":"https:\/\/schema.org","@graph":[{"@type":"WebPage","@id":"https:\/\/telefilm.ca\/fr\/appel-inscription\/23e-tallinn-black-nights-film-festival","url":"https:\/\/telefilm.ca\/fr\/appel-inscription\/23e-tallinn-black-nights-film-festival","name":"23e Tallinn Black Nights Film Festival | Téléfilm Canada","isPartOf":{"@id":"https:\/\/telefilm.ca\/fr#website"},"datePublished":"2019-05-31T11:19:34+00:00","dateModified":"2022-08-03T02:24:33+00:00","breadcrumb":{"@id":"https:\/\/telefilm.ca\/fr\/appel-inscription\/23e-tallinn-black-nights-film-festival#breadcrumb"},"inLanguage":"fr-CA","potentialAction":[{"@type":"ReadAction","target":["https:\/\/telefilm.ca\/fr\/appel-inscription\/23e-tallinn-black-nights-film-festival"]}]},{"@type":"BreadcrumbList","@id":"https:\/\/telefilm.ca\/fr\/appel-inscription\/23e-tallinn-black-nights-film-festival#breadcrumb","itemListElement":[{"@type":"ListItem","position":1,"name":"Accueil","item":"https:\/\/telefilm.ca\/fr"},{"@type":"ListItem","position":2,"name":"Calls for Entry","item":"https:\/\/telefilm.ca\/fr\/appel-inscription"},{"@type":"ListItem","position":3,"name":"23e Tallinn Black Nights Film Festival"}]},{"@type":"WebSite","@id":"https:\/\/telefilm.ca\/fr#website","url":"https:\/\/telefilm.ca\/fr","name":"Téléfilm Canada","description":"Partenaire de choix","publisher":{"@id":"https:\/\/telefilm.ca\/fr#organization"},"potentialAction":[{"@type":"SearchAction","target":{"@type":"EntryPoint","urlTemplate":"https:\/\/telefilm.ca\/fr?s={search_term_string}"},"query-input":{"@type":"PropertyValueSpecification","valueRequired":true,"valueName":"search_term_string"}}],"inLanguage":"fr-CA"},{"@type":"Organization","@id":"https:\/\/telefilm.ca\/fr#organization","name":"Telefilm Canada","url":"https:\/\/telefilm.ca\/fr","logo":{"@type":"ImageObject","inLanguage":"fr-CA","@id":"https:\/\/telefilm.ca\/fr#\/schema\/logo\/image\/","url":"https:\/\/telefilm.ca\/wp-content\/uploads\/2026\/05\/cropped-tfc_favicon_512.png","contentUrl":"https:\/\/telefilm.ca\/wp-content\/uploads\/2026\/05\/cropped-tfc_favicon_512.png","width":512,"height":512,"caption":"Telefilm Canada"},"image":{"@id":"https:\/\/telefilm.ca\/fr#\/schema\/logo\/image\/"},"sameAs":["https:\/\/www.facebook.com\/TelefilmCanada\/","https:\/\/x.com\/Telefilm_Canada","https:\/\/www.instagram.com\/telefilm_canada\/","https:\/\/www.linkedin.com\/company\/telefilm-canada\/","https:\/\/www.youtube.com\/user\/telefilmcanada"]}]}</script>
<!-- / Yoast SEO plugin. -->

23e Tallinn Black Nights Film Festival | Téléfilm Canada

Appel d’inscriptions (Longs métrages de fiction) &nbsp; Le Tallinn Black Nights Film Festival accepte présentement les inscriptions pour son édition 2019. Veuillez noter que les films doivent être soumis directement au festival.  Format de soumission : Lien de visionnement sécurisé via la plateforme Freeway Compétitif : Oui Frais d’inscription : Oui &nbsp; Admissibilité : Le festival [&hellip;]

Téléfilm Canada
