{"id":2705,"date":"2019-05-31T11:11:56","date_gmt":"2019-05-31T11:11:56","guid":{"rendered":"https:\/\/telefilm.ca\/appel-inscription\/64e-festival-international-du-film-de-valladolid"},"modified":"2022-08-03T02:24:37","modified_gmt":"2022-08-03T02:24:37","slug":"64e-festival-international-du-film-de-valladolid","status":"publish","type":"appel-inscription","link":"https:\/\/telefilm.ca\/fr\/appel-inscription\/64e-festival-international-du-film-de-valladolid","title":{"rendered":"64e Festival International du Film de Valladolid"},"content":{"rendered":"<div class=\"editor-content\"><h4><strong>Appel d\u2019inscriptions <\/strong><\/h4>\n<p class=\"wp-block-paragraph\"><strong>(Longs m\u00e9trages, documentaires et courts m\u00e9trages)<\/strong><\/p>\n<p><strong>\u00a0<\/strong><\/p>\n<p>Le <a href=\"http:\/\/seminci.es\/en\/\">Festival international du film de Valladolid<\/a> accepte pr\u00e9sentement les inscriptions pour<br \/>\nl\u2019\u00e9dition 2019.<\/p>\n<p><strong>Veuillez noter que les films doivent \u00eatre soumis directement au festival.<\/strong><\/p>\n<ul>\n<li>Format de soumission : Lien de visionnement s\u00e9curis\u00e9<\/li>\n<li>Comp\u00e9titif : Oui<\/li>\n<li>Frais d\u2019inscription : Non<\/li>\n<\/ul>\n<p><strong>\u00a0<\/strong><\/p>\n<h5><strong>Admissibilit\u00e9<\/strong><\/h5>\n<p>Tous les films soumis au festival (<strong>S\u00e9lection officielle<\/strong><strong>, <\/strong><strong>Meeting Point<\/strong>, <strong>Time Of History)<\/strong> doivent satisfaire aux conditions suivantes\u00a0:<\/p>\n<ul>\n<li>Avoir \u00e9t\u00e9 produits apr\u00e8s le 1<sup>er<\/sup> octobre 2018 et ne pas avoir \u00e9t\u00e9 distribu\u00e9s en salles commerciales, en ligne, sur DVD, ni t\u00e9l\u00e9diffus\u00e9s en Espagne;<\/li>\n<li>Ne pas avoir \u00e9t\u00e9 pr\u00e9sent\u00e9s dans le cadre d\u2019un autre festival en Espagne;<\/li>\n<li>Les films de plus de 60 minutes sont consid\u00e9r\u00e9s comme des longs m\u00e9trages et la dur\u00e9e des courts m\u00e9trages ne peut d\u00e9passer 30 minutes.<\/li>\n<\/ul>\n<p>&nbsp;<\/p>\n<p>Le Festival de Valladolid, l\u2019un des plus vieux d\u2019Europe, s\u2019est toujours distingu\u00e9 par sa volont\u00e9 d\u2019offrir une programmation sous le signe de l\u2019audace et de l\u2019innovation. Le festival octroie des r\u00e9compenses en argent dans diff\u00e9rentes cat\u00e9gories.<\/p>\n<p>T\u00e9l\u00e9film Canada reconnait la participation \u00e0 ce Festival dans les calculs de <a href=\"http:\/\/www.telefilm.ca\/fr\/telefilm\/telefilm\/indice-de-reussite\">l\u2019Indice de r\u00e9ussite<\/a> et pour une demande de soutien dans le cadre du <a href=\"https:\/\/telefilm.ca\/fr\/financement\/mise-en-marche-internationale\">Programme d\u2019aide \u00e0 la participation aux festivals et \u00e9v\u00e9nements internationaux<\/a>.<\/p>\n<p>Vous pouvez vous <a href=\"https:\/\/telefilm.ca\/fr\/propos-de-telefilm-canada\">abonner<\/a> en ligne pour recevoir tous nos appels d\u2019inscriptions aux festivals ou visiter notre <a href=\"https:\/\/telefilm.ca\/fr\/festivals-et-marches\/appels-dinscription-aux-festivals-et-marches\">site Web<\/a> r\u00e9guli\u00e8rement.<\/p>\n<p><strong>\u00a0<\/strong><\/p>\n<p><strong>Promotion et communications<\/strong><br \/>\nT\u00e9l\u00e9film Canada, Montr\u00e9al<br \/>\n<a href=\"mailto:festivals@telefilm.ca\">festivals@telefilm.ca<\/a><br \/>\n1 800 567-0890<br \/>\n<strong>\u00a0<\/strong><\/p>\n<\/div>","protected":false},"template":"","categorie_appel_inscription":[14],"class_list":["post-2705","appel-inscription","type-appel-inscription","status-publish","hentry","categorie_appel_inscription-festival-fr"],"acf":{"date_debut":"20191019","date_fin":"20191026","ville":"Valladolid","pays":"Espagne","edition":"","deadlines":[{"description":"Date limite d\u2019inscription ","date":"20190706"}]},"yoast_head":"<!-- This site is optimized with the Yoast SEO plugin v28.4 - https:\/\/yoast.com\/product\/yoast-seo-wordpress\/ -->\n<title>64e Festival International du Film de Valladolid | T\u00e9l\u00e9film Canada<\/title>\n<meta name=\"robots\" content=\"index, follow, max-snippet:-1, max-image-preview:large, max-video-preview:-1\" \/>\n<link rel=\"canonical\" href=\"https:\/\/telefilm.ca\/fr\/appel-inscription\/64e-festival-international-du-film-de-valladolid\" \/>\n<meta property=\"og:locale\" content=\"fr_CA\" \/>\n<meta property=\"og:type\" content=\"article\" \/>\n<meta property=\"og:title\" content=\"64e Festival International du Film de Valladolid | T\u00e9l\u00e9film Canada\" \/>\n<meta property=\"og:description\" content=\"Appel d\u2019inscriptions (Longs m\u00e9trages, documentaires et courts m\u00e9trages) \u00a0 Le Festival international du film de Valladolid accepte pr\u00e9sentement les inscriptions pour l\u2019\u00e9dition 2019. Veuillez noter que les films doivent \u00eatre soumis directement au festival. Format de soumission : Lien de visionnement s\u00e9curis\u00e9 Comp\u00e9titif : Oui Frais d\u2019inscription : Non \u00a0 Admissibilit\u00e9 Tous les films soumis [&hellip;]\" \/>\n<meta property=\"og:url\" content=\"https:\/\/telefilm.ca\/fr\/appel-inscription\/64e-festival-international-du-film-de-valladolid\" \/>\n<meta property=\"og:site_name\" content=\"T\u00e9l\u00e9film Canada\" \/>\n<meta property=\"article:publisher\" content=\"https:\/\/www.facebook.com\/TelefilmCanada\/\" \/>\n<meta property=\"article:modified_time\" content=\"2022-08-03T02:24:37+00:00\" \/>\n<meta property=\"og:image\" content=\"https:\/\/telefilm.ca\/wp-content\/uploads\/2026\/08\/og-image-t-1200x675-1.png\" \/>\n\t<meta property=\"og:image:width\" content=\"1200\" \/>\n\t<meta property=\"og:image:height\" content=\"675\" \/>\n\t<meta property=\"og:image:type\" content=\"image\/png\" \/>\n<meta name=\"twitter:card\" content=\"summary_large_image\" \/>\n<meta name=\"twitter:site\" content=\"@Telefilm_Canada\" \/>\n<meta name=\"twitter:label1\" content=\"Estimation du temps de lecture\" \/>\n\t<meta name=\"twitter:data1\" content=\"1 minute\" \/>\n<script type=\"application\/ld+json\" class=\"yoast-schema-graph\">{\"@context\":\"https:\\\/\\\/schema.org\",\"@graph\":[{\"@type\":\"WebPage\",\"@id\":\"https:\\\/\\\/telefilm.ca\\\/fr\\\/appel-inscription\\\/64e-festival-international-du-film-de-valladolid\",\"url\":\"https:\\\/\\\/telefilm.ca\\\/fr\\\/appel-inscription\\\/64e-festival-international-du-film-de-valladolid\",\"name\":\"64e Festival International du Film de Valladolid | T\u00e9l\u00e9film Canada\",\"isPartOf\":{\"@id\":\"https:\\\/\\\/telefilm.ca\\\/fr#website\"},\"datePublished\":\"2019-05-31T11:11:56+00:00\",\"dateModified\":\"2022-08-03T02:24:37+00:00\",\"breadcrumb\":{\"@id\":\"https:\\\/\\\/telefilm.ca\\\/fr\\\/appel-inscription\\\/64e-festival-international-du-film-de-valladolid#breadcrumb\"},\"inLanguage\":\"fr-CA\",\"potentialAction\":[{\"@type\":\"ReadAction\",\"target\":[\"https:\\\/\\\/telefilm.ca\\\/fr\\\/appel-inscription\\\/64e-festival-international-du-film-de-valladolid\"]}]},{\"@type\":\"BreadcrumbList\",\"@id\":\"https:\\\/\\\/telefilm.ca\\\/fr\\\/appel-inscription\\\/64e-festival-international-du-film-de-valladolid#breadcrumb\",\"itemListElement\":[{\"@type\":\"ListItem\",\"position\":1,\"name\":\"Accueil\",\"item\":\"https:\\\/\\\/telefilm.ca\\\/fr\"},{\"@type\":\"ListItem\",\"position\":2,\"name\":\"Calls for Entry\",\"item\":\"https:\\\/\\\/telefilm.ca\\\/fr\\\/appel-inscription\"},{\"@type\":\"ListItem\",\"position\":3,\"name\":\"64e Festival International du Film de Valladolid\"}]},{\"@type\":\"WebSite\",\"@id\":\"https:\\\/\\\/telefilm.ca\\\/fr#website\",\"url\":\"https:\\\/\\\/telefilm.ca\\\/fr\",\"name\":\"T\u00e9l\u00e9film Canada\",\"description\":\"Partenaire de choix\",\"publisher\":{\"@id\":\"https:\\\/\\\/telefilm.ca\\\/fr#organization\"},\"potentialAction\":[{\"@type\":\"SearchAction\",\"target\":{\"@type\":\"EntryPoint\",\"urlTemplate\":\"https:\\\/\\\/telefilm.ca\\\/fr?s={search_term_string}\"},\"query-input\":{\"@type\":\"PropertyValueSpecification\",\"valueRequired\":true,\"valueName\":\"search_term_string\"}}],\"inLanguage\":\"fr-CA\"},{\"@type\":\"Organization\",\"@id\":\"https:\\\/\\\/telefilm.ca\\\/fr#organization\",\"name\":\"Telefilm Canada\",\"url\":\"https:\\\/\\\/telefilm.ca\\\/fr\",\"logo\":{\"@type\":\"ImageObject\",\"inLanguage\":\"fr-CA\",\"@id\":\"https:\\\/\\\/telefilm.ca\\\/fr#\\\/schema\\\/logo\\\/image\\\/\",\"url\":\"https:\\\/\\\/telefilm.ca\\\/wp-content\\\/uploads\\\/2026\\\/05\\\/cropped-tfc_favicon_512.png\",\"contentUrl\":\"https:\\\/\\\/telefilm.ca\\\/wp-content\\\/uploads\\\/2026\\\/05\\\/cropped-tfc_favicon_512.png\",\"width\":512,\"height\":512,\"caption\":\"Telefilm Canada\"},\"image\":{\"@id\":\"https:\\\/\\\/telefilm.ca\\\/fr#\\\/schema\\\/logo\\\/image\\\/\"},\"sameAs\":[\"https:\\\/\\\/www.facebook.com\\\/TelefilmCanada\\\/\",\"https:\\\/\\\/x.com\\\/Telefilm_Canada\",\"https:\\\/\\\/www.instagram.com\\\/telefilm_canada\\\/\",\"https:\\\/\\\/www.linkedin.com\\\/company\\\/telefilm-canada\\\/\",\"https:\\\/\\\/www.youtube.com\\\/user\\\/telefilmcanada\"]}]}<\/script>\n<!-- \/ Yoast SEO plugin. -->","yoast_head_json":{"title":"64e Festival International du Film de Valladolid | T\u00e9l\u00e9film Canada","robots":{"index":"index","follow":"follow","max-snippet":"max-snippet:-1","max-image-preview":"max-image-preview:large","max-video-preview":"max-video-preview:-1"},"canonical":"https:\/\/telefilm.ca\/fr\/appel-inscription\/64e-festival-international-du-film-de-valladolid","og_locale":"fr_CA","og_type":"article","og_title":"64e Festival International du Film de Valladolid | T\u00e9l\u00e9film Canada","og_description":"Appel d\u2019inscriptions (Longs m\u00e9trages, documentaires et courts m\u00e9trages) \u00a0 Le Festival international du film de Valladolid accepte pr\u00e9sentement les inscriptions pour l\u2019\u00e9dition 2019. Veuillez noter que les films doivent \u00eatre soumis directement au festival. Format de soumission : Lien de visionnement s\u00e9curis\u00e9 Comp\u00e9titif : Oui Frais d\u2019inscription : Non \u00a0 Admissibilit\u00e9 Tous les films soumis [&hellip;]","og_url":"https:\/\/telefilm.ca\/fr\/appel-inscription\/64e-festival-international-du-film-de-valladolid","og_site_name":"T\u00e9l\u00e9film Canada","article_publisher":"https:\/\/www.facebook.com\/TelefilmCanada\/","article_modified_time":"2022-08-03T02:24:37+00:00","og_image":[{"width":1200,"height":675,"url":"https:\/\/telefilm.ca\/wp-content\/uploads\/2026\/08\/og-image-t-1200x675-1.png","type":"image\/png"}],"twitter_card":"summary_large_image","twitter_site":"@Telefilm_Canada","twitter_misc":{"Estimation du temps de lecture":"1 minute"},"schema":{"@context":"https:\/\/schema.org","@graph":[{"@type":"WebPage","@id":"https:\/\/telefilm.ca\/fr\/appel-inscription\/64e-festival-international-du-film-de-valladolid","url":"https:\/\/telefilm.ca\/fr\/appel-inscription\/64e-festival-international-du-film-de-valladolid","name":"64e Festival International du Film de Valladolid | T\u00e9l\u00e9film Canada","isPartOf":{"@id":"https:\/\/telefilm.ca\/fr#website"},"datePublished":"2019-05-31T11:11:56+00:00","dateModified":"2022-08-03T02:24:37+00:00","breadcrumb":{"@id":"https:\/\/telefilm.ca\/fr\/appel-inscription\/64e-festival-international-du-film-de-valladolid#breadcrumb"},"inLanguage":"fr-CA","potentialAction":[{"@type":"ReadAction","target":["https:\/\/telefilm.ca\/fr\/appel-inscription\/64e-festival-international-du-film-de-valladolid"]}]},{"@type":"BreadcrumbList","@id":"https:\/\/telefilm.ca\/fr\/appel-inscription\/64e-festival-international-du-film-de-valladolid#breadcrumb","itemListElement":[{"@type":"ListItem","position":1,"name":"Accueil","item":"https:\/\/telefilm.ca\/fr"},{"@type":"ListItem","position":2,"name":"Calls for Entry","item":"https:\/\/telefilm.ca\/fr\/appel-inscription"},{"@type":"ListItem","position":3,"name":"64e Festival International du Film de Valladolid"}]},{"@type":"WebSite","@id":"https:\/\/telefilm.ca\/fr#website","url":"https:\/\/telefilm.ca\/fr","name":"T\u00e9l\u00e9film Canada","description":"Partenaire de choix","publisher":{"@id":"https:\/\/telefilm.ca\/fr#organization"},"potentialAction":[{"@type":"SearchAction","target":{"@type":"EntryPoint","urlTemplate":"https:\/\/telefilm.ca\/fr?s={search_term_string}"},"query-input":{"@type":"PropertyValueSpecification","valueRequired":true,"valueName":"search_term_string"}}],"inLanguage":"fr-CA"},{"@type":"Organization","@id":"https:\/\/telefilm.ca\/fr#organization","name":"Telefilm Canada","url":"https:\/\/telefilm.ca\/fr","logo":{"@type":"ImageObject","inLanguage":"fr-CA","@id":"https:\/\/telefilm.ca\/fr#\/schema\/logo\/image\/","url":"https:\/\/telefilm.ca\/wp-content\/uploads\/2026\/05\/cropped-tfc_favicon_512.png","contentUrl":"https:\/\/telefilm.ca\/wp-content\/uploads\/2026\/05\/cropped-tfc_favicon_512.png","width":512,"height":512,"caption":"Telefilm Canada"},"image":{"@id":"https:\/\/telefilm.ca\/fr#\/schema\/logo\/image\/"},"sameAs":["https:\/\/www.facebook.com\/TelefilmCanada\/","https:\/\/x.com\/Telefilm_Canada","https:\/\/www.instagram.com\/telefilm_canada\/","https:\/\/www.linkedin.com\/company\/telefilm-canada\/","https:\/\/www.youtube.com\/user\/telefilmcanada"]}]}},"wpml_current_locale":"fr_CA","wpml_translations":[{"locale":"en_CA","id":2704,"post_title":"64th Valladolid International Film Festival","href":"https:\/\/telefilm.ca\/en\/64th-valladolid-international-film-festival\/"}],"_links":{"self":[{"href":"https:\/\/telefilm.ca\/fr\/wp-json\/wp\/v2\/appel-inscription\/2705","targetHints":{"allow":["GET"]}}],"collection":[{"href":"https:\/\/telefilm.ca\/fr\/wp-json\/wp\/v2\/appel-inscription"}],"about":[{"href":"https:\/\/telefilm.ca\/fr\/wp-json\/wp\/v2\/types\/appel-inscription"}],"version-history":[{"count":0,"href":"https:\/\/telefilm.ca\/fr\/wp-json\/wp\/v2\/appel-inscription\/2705\/revisions"}],"wp:attachment":[{"href":"https:\/\/telefilm.ca\/fr\/wp-json\/wp\/v2\/media?parent=2705"}],"wp:term":[{"taxonomy":"categorie_appel_inscription","embeddable":true,"href":"https:\/\/telefilm.ca\/fr\/wp-json\/wp\/v2\/categorie_appel_inscription?post=2705"}],"curies":[{"name":"wp","href":"https:\/\/api.w.org\/{rel}","templated":true}]}}

<div class="editor-content"><h4><strong>Appel d’inscriptions </strong></h4>
<p class="wp-block-paragraph"><strong>(Longs métrages, documentaires et courts métrages)</strong></p>
<p><strong> </strong></p>
<p>Le <a href="http://seminci.es/en/">Festival international du film de Valladolid</a> accepte présentement les inscriptions pour<br />
l’édition 2019.</p>
<p><strong>Veuillez noter que les films doivent être soumis directement au festival.</strong></p>
<ul>
<li>Format de soumission : Lien de visionnement sécurisé</li>
<li>Compétitif : Oui</li>
<li>Frais d’inscription : Non</li>
</ul>
<p><strong> </strong></p>
<h5><strong>Admissibilité</strong></h5>
<p>Tous les films soumis au festival (<strong>Sélection officielle</strong><strong>, </strong><strong>Meeting Point</strong>, <strong>Time Of History)</strong> doivent satisfaire aux conditions suivantes :</p>
<ul>
<li>Avoir été produits après le 1<sup>er</sup> octobre 2018 et ne pas avoir été distribués en salles commerciales, en ligne, sur DVD, ni télédiffusés en Espagne;</li>
<li>Ne pas avoir été présentés dans le cadre d’un autre festival en Espagne;</li>
<li>Les films de plus de 60 minutes sont considérés comme des longs métrages et la durée des courts métrages ne peut dépasser 30 minutes.</li>
</ul>
<p>&nbsp;</p>
<p>Le Festival de Valladolid, l’un des plus vieux d’Europe, s’est toujours distingué par sa volonté d’offrir une programmation sous le signe de l’audace et de l’innovation. Le festival octroie des récompenses en argent dans différentes catégories.</p>
<p>Téléfilm Canada reconnait la participation à ce Festival dans les calculs de <a href="http://www.telefilm.ca/fr/telefilm/telefilm/indice-de-reussite">l’Indice de réussite</a> et pour une demande de soutien dans le cadre du <a href="https://telefilm.ca/fr/financement/mise-en-marche-internationale">Programme d’aide à la participation aux festivals et événements internationaux</a>.</p>
<p>Vous pouvez vous <a href="https://telefilm.ca/fr/propos-de-telefilm-canada">abonner</a> en ligne pour recevoir tous nos appels d’inscriptions aux festivals ou visiter notre <a href="https://telefilm.ca/fr/festivals-et-marches/appels-dinscription-aux-festivals-et-marches">site Web</a> régulièrement.</p>
<p><strong> </strong></p>
<p><strong>Promotion et communications</strong><br />
Téléfilm Canada, Montréal<br />
<a href="mailto:festivals@telefilm.ca">festivals@telefilm.ca</a><br />
1 800 567-0890<br />
<strong> </strong></p>
</div>

<!-- This site is optimized with the Yoast SEO plugin v28.4 - https://yoast.com/product/yoast-seo-wordpress/ -->
<title>64e Festival International du Film de Valladolid | Téléfilm Canada</title>
<meta name="robots" content="index, follow, max-snippet:-1, max-image-preview:large, max-video-preview:-1" />
<link rel="canonical" href="https://telefilm.ca/fr/appel-inscription/64e-festival-international-du-film-de-valladolid" />
<meta property="og:locale" content="fr_CA" />
<meta property="og:type" content="article" />
<meta property="og:title" content="64e Festival International du Film de Valladolid | Téléfilm Canada" />
<meta property="og:description" content="Appel d’inscriptions (Longs métrages, documentaires et courts métrages)   Le Festival international du film de Valladolid accepte présentement les inscriptions pour l’édition 2019. Veuillez noter que les films doivent être soumis directement au festival. Format de soumission : Lien de visionnement sécurisé Compétitif : Oui Frais d’inscription : Non   Admissibilité Tous les films soumis [&hellip;]" />
<meta property="og:url" content="https://telefilm.ca/fr/appel-inscription/64e-festival-international-du-film-de-valladolid" />
<meta property="og:site_name" content="Téléfilm Canada" />
<meta property="article:publisher" content="https://www.facebook.com/TelefilmCanada/" />
<meta property="article:modified_time" content="2022-08-03T02:24:37+00:00" />
<meta property="og:image" content="https://telefilm.ca/wp-content/uploads/2026/08/og-image-t-1200x675-1.png" />
	<meta property="og:image:width" content="1200" />
	<meta property="og:image:height" content="675" />
	<meta property="og:image:type" content="image/png" />
<meta name="twitter:card" content="summary_large_image" />
<meta name="twitter:site" content="@Telefilm_Canada" />
<meta name="twitter:label1" content="Estimation du temps de lecture" />
	<meta name="twitter:data1" content="1 minute" />
<script type="application/ld+json" class="yoast-schema-graph">{"@context":"https:\/\/schema.org","@graph":[{"@type":"WebPage","@id":"https:\/\/telefilm.ca\/fr\/appel-inscription\/64e-festival-international-du-film-de-valladolid","url":"https:\/\/telefilm.ca\/fr\/appel-inscription\/64e-festival-international-du-film-de-valladolid","name":"64e Festival International du Film de Valladolid | Téléfilm Canada","isPartOf":{"@id":"https:\/\/telefilm.ca\/fr#website"},"datePublished":"2019-05-31T11:11:56+00:00","dateModified":"2022-08-03T02:24:37+00:00","breadcrumb":{"@id":"https:\/\/telefilm.ca\/fr\/appel-inscription\/64e-festival-international-du-film-de-valladolid#breadcrumb"},"inLanguage":"fr-CA","potentialAction":[{"@type":"ReadAction","target":["https:\/\/telefilm.ca\/fr\/appel-inscription\/64e-festival-international-du-film-de-valladolid"]}]},{"@type":"BreadcrumbList","@id":"https:\/\/telefilm.ca\/fr\/appel-inscription\/64e-festival-international-du-film-de-valladolid#breadcrumb","itemListElement":[{"@type":"ListItem","position":1,"name":"Accueil","item":"https:\/\/telefilm.ca\/fr"},{"@type":"ListItem","position":2,"name":"Calls for Entry","item":"https:\/\/telefilm.ca\/fr\/appel-inscription"},{"@type":"ListItem","position":3,"name":"64e Festival International du Film de Valladolid"}]},{"@type":"WebSite","@id":"https:\/\/telefilm.ca\/fr#website","url":"https:\/\/telefilm.ca\/fr","name":"Téléfilm Canada","description":"Partenaire de choix","publisher":{"@id":"https:\/\/telefilm.ca\/fr#organization"},"potentialAction":[{"@type":"SearchAction","target":{"@type":"EntryPoint","urlTemplate":"https:\/\/telefilm.ca\/fr?s={search_term_string}"},"query-input":{"@type":"PropertyValueSpecification","valueRequired":true,"valueName":"search_term_string"}}],"inLanguage":"fr-CA"},{"@type":"Organization","@id":"https:\/\/telefilm.ca\/fr#organization","name":"Telefilm Canada","url":"https:\/\/telefilm.ca\/fr","logo":{"@type":"ImageObject","inLanguage":"fr-CA","@id":"https:\/\/telefilm.ca\/fr#\/schema\/logo\/image\/","url":"https:\/\/telefilm.ca\/wp-content\/uploads\/2026\/05\/cropped-tfc_favicon_512.png","contentUrl":"https:\/\/telefilm.ca\/wp-content\/uploads\/2026\/05\/cropped-tfc_favicon_512.png","width":512,"height":512,"caption":"Telefilm Canada"},"image":{"@id":"https:\/\/telefilm.ca\/fr#\/schema\/logo\/image\/"},"sameAs":["https:\/\/www.facebook.com\/TelefilmCanada\/","https:\/\/x.com\/Telefilm_Canada","https:\/\/www.instagram.com\/telefilm_canada\/","https:\/\/www.linkedin.com\/company\/telefilm-canada\/","https:\/\/www.youtube.com\/user\/telefilmcanada"]}]}</script>
<!-- / Yoast SEO plugin. -->

64e Festival International du Film de Valladolid | Téléfilm Canada

Appel d’inscriptions (Longs métrages, documentaires et courts métrages)   Le Festival international du film de Valladolid accepte présentement les inscriptions pour l’édition 2019. Veuillez noter que les films doivent être soumis directement au festival. Format de soumission : Lien de visionnement sécurisé Compétitif : Oui Frais d’inscription : Non   Admissibilité Tous les films soumis [&hellip;]

Téléfilm Canada
