{"id":2785,"date":"2018-12-12T10:04:08","date_gmt":"2018-12-12T10:04:08","guid":{"rendered":"https:\/\/telefilm.ca\/appel-inscription\/65e-festival-international-du-court-metrage-doberhausen"},"modified":"2022-08-03T02:27:19","modified_gmt":"2022-08-03T02:27:19","slug":"65e-festival-international-du-court-metrage-doberhausen","status":"publish","type":"appel-inscription","link":"https:\/\/telefilm.ca\/fr\/appel-inscription\/65e-festival-international-du-court-metrage-doberhausen","title":{"rendered":"65e Festival internationl du court m\u00e9trage d&#8217;Oberhausen"},"content":{"rendered":"<div class=\"editor-content\"><h3><strong>Appel d&#8217;inscriptions <\/strong><\/h3>\n<p class=\"wp-block-paragraph\">(Courts m\u00e9trages de tous genres)<\/p>\n<p>Le <u><a href=\"http:\/\/www.kurzfilmtage.de\/en\/\">Festival International du Court M\u00e9trage d\u2019Oberhausen<\/a> <\/u>accepte maintenant les inscriptions pour son \u00e9dition de 2018.<\/p>\n<p><strong>Veuillez noter que les films doivent \u00eatre soumis directement au festival.<\/strong><\/p>\n<p>Format de soumission\u00a0: visionnement en ligne.<\/p>\n<ul>\n<li>Comp\u00e9titif\u00a0: Oui<\/li>\n<li>Frais d\u2019inscription\u00a0: Non<\/li>\n<\/ul>\n<p><strong>Admissibilit\u00e9<\/strong><\/p>\n<ul>\n<li>Les films doivent avoir \u00e9t\u00e9 compl\u00e9t\u00e9s avant le 1<sup>er<\/sup> janvier 2018;<\/li>\n<li>Les films soumis doivent \u00eatre d\u2019une dur\u00e9e maximale de 35 minutes;<\/li>\n<li>Tous les genres sont accept\u00e9s (fiction, documentaire, animation, exp\u00e9rimental, films de danse, jeunesse);<\/li>\n<li>Les soumissions pourront \u00e9galement \u00eatre consid\u00e9r\u00e9es pour la Comp\u00e9tition des films pour enfant et pour la jeunesse;<\/li>\n<li>Les films ne doivent pas avoir \u00e9t\u00e9 pr\u00e9sent\u00e9s dans un autre festival allemand avant celui d\u2019Oberhausen.<\/li>\n<\/ul>\n<p>Unique dans sa vari\u00e9t\u00e9 de formes et de genres pr\u00e9sent\u00e9s au public et particuli\u00e8rement reconnu pour son regard sur l\u2019exp\u00e9rimental, le Festival d\u2019Oberhausen est l\u2019un des rendez-vous des plus importants du court m\u00e9trage.<\/p>\n<p>Chaque ann\u00e9e, quelques 6000 films y sont soumis et pr\u00e8s de <strong>500 films sont s\u00e9lectionn\u00e9s<\/strong>. Le Festival octroie des prix totalisant<strong> 25 500 \u20ac pour la Comp\u00e9tition <\/strong>et <strong>3 000 \u20ac<\/strong><strong> pour la comp\u00e9tition des films pour enfant et pour la jeunesse. <\/strong><\/p>\n<p><strong>Plus de 1100 professionnels sont accr\u00e9dit\u00e9s au March\u00e9 <\/strong>et peuvent visionner sur place les films en ligne.<\/p>\n<p><strong>T\u00e9l\u00e9film Canada <\/strong>reconna\u00eet la s\u00e9lection d\u2019un court m\u00e9trage dans le cadre de ce Festival et peut consentir un soutien financier dans le cadre du <a href=\"https:\/\/telefilm.ca\/fr\/financement\/mise-en-marche-internationale\">Programme d\u2019aide \u00e0 la participation aux festivals et \u00e9v\u00e9nements internationaux<\/a>.<\/p>\n<\/div>","protected":false},"template":"","categorie_appel_inscription":[14],"class_list":["post-2785","appel-inscription","type-appel-inscription","status-publish","hentry","categorie_appel_inscription-festival-fr"],"acf":{"date_debut":"20190501","date_fin":"20190506","ville":"Oberhausen","pays":"Allemagne","edition":"","deadlines":[{"description":"Date limite pour les soumissions","date":"20190201"}]},"yoast_head":"<!-- This site is optimized with the Yoast SEO plugin v28.4 - https:\/\/yoast.com\/product\/yoast-seo-wordpress\/ -->\n<title>65e Festival internationl du court m\u00e9trage d&#8217;Oberhausen | T\u00e9l\u00e9film Canada<\/title>\n<meta name=\"robots\" content=\"index, follow, max-snippet:-1, max-image-preview:large, max-video-preview:-1\" \/>\n<link rel=\"canonical\" href=\"https:\/\/telefilm.ca\/fr\/appel-inscription\/65e-festival-international-du-court-metrage-doberhausen\" \/>\n<meta property=\"og:locale\" content=\"fr_CA\" \/>\n<meta property=\"og:type\" content=\"article\" \/>\n<meta property=\"og:title\" content=\"65e Festival internationl du court m\u00e9trage d&#8217;Oberhausen | T\u00e9l\u00e9film Canada\" \/>\n<meta property=\"og:description\" content=\"Appel d&#8217;inscriptions (Courts m\u00e9trages de tous genres) Le Festival International du Court M\u00e9trage d\u2019Oberhausen accepte maintenant les inscriptions pour son \u00e9dition de 2018. Veuillez noter que les films doivent \u00eatre soumis directement au festival. Format de soumission\u00a0: visionnement en ligne. Comp\u00e9titif\u00a0: Oui Frais d\u2019inscription\u00a0: Non Admissibilit\u00e9 Les films doivent avoir \u00e9t\u00e9 compl\u00e9t\u00e9s avant le 1er [&hellip;]\" \/>\n<meta property=\"og:url\" content=\"https:\/\/telefilm.ca\/fr\/appel-inscription\/65e-festival-international-du-court-metrage-doberhausen\" \/>\n<meta property=\"og:site_name\" content=\"T\u00e9l\u00e9film Canada\" \/>\n<meta property=\"article:publisher\" content=\"https:\/\/www.facebook.com\/TelefilmCanada\/\" \/>\n<meta property=\"article:modified_time\" content=\"2022-08-03T02:27:19+00:00\" \/>\n<meta property=\"og:image\" content=\"https:\/\/telefilm.ca\/wp-content\/uploads\/2026\/08\/og-image-t-1200x675-1.png\" \/>\n\t<meta property=\"og:image:width\" content=\"1200\" \/>\n\t<meta property=\"og:image:height\" content=\"675\" \/>\n\t<meta property=\"og:image:type\" content=\"image\/png\" \/>\n<meta name=\"twitter:card\" content=\"summary_large_image\" \/>\n<meta name=\"twitter:site\" content=\"@Telefilm_Canada\" \/>\n<meta name=\"twitter:label1\" content=\"Estimation du temps de lecture\" \/>\n\t<meta name=\"twitter:data1\" content=\"1 minute\" \/>\n<script type=\"application\/ld+json\" class=\"yoast-schema-graph\">{\"@context\":\"https:\\\/\\\/schema.org\",\"@graph\":[{\"@type\":\"WebPage\",\"@id\":\"https:\\\/\\\/telefilm.ca\\\/fr\\\/appel-inscription\\\/65e-festival-international-du-court-metrage-doberhausen\",\"url\":\"https:\\\/\\\/telefilm.ca\\\/fr\\\/appel-inscription\\\/65e-festival-international-du-court-metrage-doberhausen\",\"name\":\"65e Festival internationl du court m\u00e9trage d&#8217;Oberhausen | T\u00e9l\u00e9film Canada\",\"isPartOf\":{\"@id\":\"https:\\\/\\\/telefilm.ca\\\/fr#website\"},\"datePublished\":\"2018-12-12T10:04:08+00:00\",\"dateModified\":\"2022-08-03T02:27:19+00:00\",\"breadcrumb\":{\"@id\":\"https:\\\/\\\/telefilm.ca\\\/fr\\\/appel-inscription\\\/65e-festival-international-du-court-metrage-doberhausen#breadcrumb\"},\"inLanguage\":\"fr-CA\",\"potentialAction\":[{\"@type\":\"ReadAction\",\"target\":[\"https:\\\/\\\/telefilm.ca\\\/fr\\\/appel-inscription\\\/65e-festival-international-du-court-metrage-doberhausen\"]}]},{\"@type\":\"BreadcrumbList\",\"@id\":\"https:\\\/\\\/telefilm.ca\\\/fr\\\/appel-inscription\\\/65e-festival-international-du-court-metrage-doberhausen#breadcrumb\",\"itemListElement\":[{\"@type\":\"ListItem\",\"position\":1,\"name\":\"Accueil\",\"item\":\"https:\\\/\\\/telefilm.ca\\\/fr\"},{\"@type\":\"ListItem\",\"position\":2,\"name\":\"Calls for Entry\",\"item\":\"https:\\\/\\\/telefilm.ca\\\/fr\\\/appel-inscription\"},{\"@type\":\"ListItem\",\"position\":3,\"name\":\"65e Festival internationl du court m\u00e9trage d&#8217;Oberhausen\"}]},{\"@type\":\"WebSite\",\"@id\":\"https:\\\/\\\/telefilm.ca\\\/fr#website\",\"url\":\"https:\\\/\\\/telefilm.ca\\\/fr\",\"name\":\"T\u00e9l\u00e9film Canada\",\"description\":\"Partenaire de choix\",\"publisher\":{\"@id\":\"https:\\\/\\\/telefilm.ca\\\/fr#organization\"},\"potentialAction\":[{\"@type\":\"SearchAction\",\"target\":{\"@type\":\"EntryPoint\",\"urlTemplate\":\"https:\\\/\\\/telefilm.ca\\\/fr?s={search_term_string}\"},\"query-input\":{\"@type\":\"PropertyValueSpecification\",\"valueRequired\":true,\"valueName\":\"search_term_string\"}}],\"inLanguage\":\"fr-CA\"},{\"@type\":\"Organization\",\"@id\":\"https:\\\/\\\/telefilm.ca\\\/fr#organization\",\"name\":\"Telefilm Canada\",\"url\":\"https:\\\/\\\/telefilm.ca\\\/fr\",\"logo\":{\"@type\":\"ImageObject\",\"inLanguage\":\"fr-CA\",\"@id\":\"https:\\\/\\\/telefilm.ca\\\/fr#\\\/schema\\\/logo\\\/image\\\/\",\"url\":\"https:\\\/\\\/telefilm.ca\\\/wp-content\\\/uploads\\\/2026\\\/05\\\/cropped-tfc_favicon_512.png\",\"contentUrl\":\"https:\\\/\\\/telefilm.ca\\\/wp-content\\\/uploads\\\/2026\\\/05\\\/cropped-tfc_favicon_512.png\",\"width\":512,\"height\":512,\"caption\":\"Telefilm Canada\"},\"image\":{\"@id\":\"https:\\\/\\\/telefilm.ca\\\/fr#\\\/schema\\\/logo\\\/image\\\/\"},\"sameAs\":[\"https:\\\/\\\/www.facebook.com\\\/TelefilmCanada\\\/\",\"https:\\\/\\\/x.com\\\/Telefilm_Canada\",\"https:\\\/\\\/www.instagram.com\\\/telefilm_canada\\\/\",\"https:\\\/\\\/www.linkedin.com\\\/company\\\/telefilm-canada\\\/\",\"https:\\\/\\\/www.youtube.com\\\/user\\\/telefilmcanada\"]}]}<\/script>\n<!-- \/ Yoast SEO plugin. -->","yoast_head_json":{"title":"65e Festival internationl du court m\u00e9trage d&#8217;Oberhausen | T\u00e9l\u00e9film Canada","robots":{"index":"index","follow":"follow","max-snippet":"max-snippet:-1","max-image-preview":"max-image-preview:large","max-video-preview":"max-video-preview:-1"},"canonical":"https:\/\/telefilm.ca\/fr\/appel-inscription\/65e-festival-international-du-court-metrage-doberhausen","og_locale":"fr_CA","og_type":"article","og_title":"65e Festival internationl du court m\u00e9trage d&#8217;Oberhausen | T\u00e9l\u00e9film Canada","og_description":"Appel d&#8217;inscriptions (Courts m\u00e9trages de tous genres) Le Festival International du Court M\u00e9trage d\u2019Oberhausen accepte maintenant les inscriptions pour son \u00e9dition de 2018. Veuillez noter que les films doivent \u00eatre soumis directement au festival. Format de soumission\u00a0: visionnement en ligne. Comp\u00e9titif\u00a0: Oui Frais d\u2019inscription\u00a0: Non Admissibilit\u00e9 Les films doivent avoir \u00e9t\u00e9 compl\u00e9t\u00e9s avant le 1er [&hellip;]","og_url":"https:\/\/telefilm.ca\/fr\/appel-inscription\/65e-festival-international-du-court-metrage-doberhausen","og_site_name":"T\u00e9l\u00e9film Canada","article_publisher":"https:\/\/www.facebook.com\/TelefilmCanada\/","article_modified_time":"2022-08-03T02:27:19+00:00","og_image":[{"width":1200,"height":675,"url":"https:\/\/telefilm.ca\/wp-content\/uploads\/2026\/08\/og-image-t-1200x675-1.png","type":"image\/png"}],"twitter_card":"summary_large_image","twitter_site":"@Telefilm_Canada","twitter_misc":{"Estimation du temps de lecture":"1 minute"},"schema":{"@context":"https:\/\/schema.org","@graph":[{"@type":"WebPage","@id":"https:\/\/telefilm.ca\/fr\/appel-inscription\/65e-festival-international-du-court-metrage-doberhausen","url":"https:\/\/telefilm.ca\/fr\/appel-inscription\/65e-festival-international-du-court-metrage-doberhausen","name":"65e Festival internationl du court m\u00e9trage d&#8217;Oberhausen | T\u00e9l\u00e9film Canada","isPartOf":{"@id":"https:\/\/telefilm.ca\/fr#website"},"datePublished":"2018-12-12T10:04:08+00:00","dateModified":"2022-08-03T02:27:19+00:00","breadcrumb":{"@id":"https:\/\/telefilm.ca\/fr\/appel-inscription\/65e-festival-international-du-court-metrage-doberhausen#breadcrumb"},"inLanguage":"fr-CA","potentialAction":[{"@type":"ReadAction","target":["https:\/\/telefilm.ca\/fr\/appel-inscription\/65e-festival-international-du-court-metrage-doberhausen"]}]},{"@type":"BreadcrumbList","@id":"https:\/\/telefilm.ca\/fr\/appel-inscription\/65e-festival-international-du-court-metrage-doberhausen#breadcrumb","itemListElement":[{"@type":"ListItem","position":1,"name":"Accueil","item":"https:\/\/telefilm.ca\/fr"},{"@type":"ListItem","position":2,"name":"Calls for Entry","item":"https:\/\/telefilm.ca\/fr\/appel-inscription"},{"@type":"ListItem","position":3,"name":"65e Festival internationl du court m\u00e9trage d&#8217;Oberhausen"}]},{"@type":"WebSite","@id":"https:\/\/telefilm.ca\/fr#website","url":"https:\/\/telefilm.ca\/fr","name":"T\u00e9l\u00e9film Canada","description":"Partenaire de choix","publisher":{"@id":"https:\/\/telefilm.ca\/fr#organization"},"potentialAction":[{"@type":"SearchAction","target":{"@type":"EntryPoint","urlTemplate":"https:\/\/telefilm.ca\/fr?s={search_term_string}"},"query-input":{"@type":"PropertyValueSpecification","valueRequired":true,"valueName":"search_term_string"}}],"inLanguage":"fr-CA"},{"@type":"Organization","@id":"https:\/\/telefilm.ca\/fr#organization","name":"Telefilm Canada","url":"https:\/\/telefilm.ca\/fr","logo":{"@type":"ImageObject","inLanguage":"fr-CA","@id":"https:\/\/telefilm.ca\/fr#\/schema\/logo\/image\/","url":"https:\/\/telefilm.ca\/wp-content\/uploads\/2026\/05\/cropped-tfc_favicon_512.png","contentUrl":"https:\/\/telefilm.ca\/wp-content\/uploads\/2026\/05\/cropped-tfc_favicon_512.png","width":512,"height":512,"caption":"Telefilm Canada"},"image":{"@id":"https:\/\/telefilm.ca\/fr#\/schema\/logo\/image\/"},"sameAs":["https:\/\/www.facebook.com\/TelefilmCanada\/","https:\/\/x.com\/Telefilm_Canada","https:\/\/www.instagram.com\/telefilm_canada\/","https:\/\/www.linkedin.com\/company\/telefilm-canada\/","https:\/\/www.youtube.com\/user\/telefilmcanada"]}]}},"wpml_current_locale":"fr_CA","wpml_translations":[{"locale":"en_CA","id":2784,"post_title":"65th International Short Film Festival Oberhausen","href":"https:\/\/telefilm.ca\/en\/65th-international-short-film-festival-oberhausen\/"}],"_links":{"self":[{"href":"https:\/\/telefilm.ca\/fr\/wp-json\/wp\/v2\/appel-inscription\/2785","targetHints":{"allow":["GET"]}}],"collection":[{"href":"https:\/\/telefilm.ca\/fr\/wp-json\/wp\/v2\/appel-inscription"}],"about":[{"href":"https:\/\/telefilm.ca\/fr\/wp-json\/wp\/v2\/types\/appel-inscription"}],"version-history":[{"count":0,"href":"https:\/\/telefilm.ca\/fr\/wp-json\/wp\/v2\/appel-inscription\/2785\/revisions"}],"wp:attachment":[{"href":"https:\/\/telefilm.ca\/fr\/wp-json\/wp\/v2\/media?parent=2785"}],"wp:term":[{"taxonomy":"categorie_appel_inscription","embeddable":true,"href":"https:\/\/telefilm.ca\/fr\/wp-json\/wp\/v2\/categorie_appel_inscription?post=2785"}],"curies":[{"name":"wp","href":"https:\/\/api.w.org\/{rel}","templated":true}]}}

65e Festival internationl du court métrage d&#8217;Oberhausen

<div class="editor-content"><h3><strong>Appel d&#8217;inscriptions </strong></h3>
<p class="wp-block-paragraph">(Courts métrages de tous genres)</p>
<p>Le <u><a href="http://www.kurzfilmtage.de/en/">Festival International du Court Métrage d’Oberhausen</a> </u>accepte maintenant les inscriptions pour son édition de 2018.</p>
<p><strong>Veuillez noter que les films doivent être soumis directement au festival.</strong></p>
<p>Format de soumission : visionnement en ligne.</p>
<ul>
<li>Compétitif : Oui</li>
<li>Frais d’inscription : Non</li>
</ul>
<p><strong>Admissibilité</strong></p>
<ul>
<li>Les films doivent avoir été complétés avant le 1<sup>er</sup> janvier 2018;</li>
<li>Les films soumis doivent être d’une durée maximale de 35 minutes;</li>
<li>Tous les genres sont acceptés (fiction, documentaire, animation, expérimental, films de danse, jeunesse);</li>
<li>Les soumissions pourront également être considérées pour la Compétition des films pour enfant et pour la jeunesse;</li>
<li>Les films ne doivent pas avoir été présentés dans un autre festival allemand avant celui d’Oberhausen.</li>
</ul>
<p>Unique dans sa variété de formes et de genres présentés au public et particulièrement reconnu pour son regard sur l’expérimental, le Festival d’Oberhausen est l’un des rendez-vous des plus importants du court métrage.</p>
<p>Chaque année, quelques 6000 films y sont soumis et près de <strong>500 films sont sélectionnés</strong>. Le Festival octroie des prix totalisant<strong> 25 500 € pour la Compétition </strong>et <strong>3 000 €</strong><strong> pour la compétition des films pour enfant et pour la jeunesse. </strong></p>
<p><strong>Plus de 1100 professionnels sont accrédités au Marché </strong>et peuvent visionner sur place les films en ligne.</p>
<p><strong>Téléfilm Canada </strong>reconnaît la sélection d’un court métrage dans le cadre de ce Festival et peut consentir un soutien financier dans le cadre du <a href="https://telefilm.ca/fr/financement/mise-en-marche-internationale">Programme d’aide à la participation aux festivals et événements internationaux</a>.</p>
</div>

<!-- This site is optimized with the Yoast SEO plugin v28.4 - https://yoast.com/product/yoast-seo-wordpress/ -->
<title>65e Festival internationl du court métrage d&#8217;Oberhausen | Téléfilm Canada</title>
<meta name="robots" content="index, follow, max-snippet:-1, max-image-preview:large, max-video-preview:-1" />
<link rel="canonical" href="https://telefilm.ca/fr/appel-inscription/65e-festival-international-du-court-metrage-doberhausen" />
<meta property="og:locale" content="fr_CA" />
<meta property="og:type" content="article" />
<meta property="og:title" content="65e Festival internationl du court métrage d&#8217;Oberhausen | Téléfilm Canada" />
<meta property="og:description" content="Appel d&#8217;inscriptions (Courts métrages de tous genres) Le Festival International du Court Métrage d’Oberhausen accepte maintenant les inscriptions pour son édition de 2018. Veuillez noter que les films doivent être soumis directement au festival. Format de soumission : visionnement en ligne. Compétitif : Oui Frais d’inscription : Non Admissibilité Les films doivent avoir été complétés avant le 1er [&hellip;]" />
<meta property="og:url" content="https://telefilm.ca/fr/appel-inscription/65e-festival-international-du-court-metrage-doberhausen" />
<meta property="og:site_name" content="Téléfilm Canada" />
<meta property="article:publisher" content="https://www.facebook.com/TelefilmCanada/" />
<meta property="article:modified_time" content="2022-08-03T02:27:19+00:00" />
<meta property="og:image" content="https://telefilm.ca/wp-content/uploads/2026/08/og-image-t-1200x675-1.png" />
	<meta property="og:image:width" content="1200" />
	<meta property="og:image:height" content="675" />
	<meta property="og:image:type" content="image/png" />
<meta name="twitter:card" content="summary_large_image" />
<meta name="twitter:site" content="@Telefilm_Canada" />
<meta name="twitter:label1" content="Estimation du temps de lecture" />
	<meta name="twitter:data1" content="1 minute" />
<script type="application/ld+json" class="yoast-schema-graph">{"@context":"https:\/\/schema.org","@graph":[{"@type":"WebPage","@id":"https:\/\/telefilm.ca\/fr\/appel-inscription\/65e-festival-international-du-court-metrage-doberhausen","url":"https:\/\/telefilm.ca\/fr\/appel-inscription\/65e-festival-international-du-court-metrage-doberhausen","name":"65e Festival internationl du court métrage d&#8217;Oberhausen | Téléfilm Canada","isPartOf":{"@id":"https:\/\/telefilm.ca\/fr#website"},"datePublished":"2018-12-12T10:04:08+00:00","dateModified":"2022-08-03T02:27:19+00:00","breadcrumb":{"@id":"https:\/\/telefilm.ca\/fr\/appel-inscription\/65e-festival-international-du-court-metrage-doberhausen#breadcrumb"},"inLanguage":"fr-CA","potentialAction":[{"@type":"ReadAction","target":["https:\/\/telefilm.ca\/fr\/appel-inscription\/65e-festival-international-du-court-metrage-doberhausen"]}]},{"@type":"BreadcrumbList","@id":"https:\/\/telefilm.ca\/fr\/appel-inscription\/65e-festival-international-du-court-metrage-doberhausen#breadcrumb","itemListElement":[{"@type":"ListItem","position":1,"name":"Accueil","item":"https:\/\/telefilm.ca\/fr"},{"@type":"ListItem","position":2,"name":"Calls for Entry","item":"https:\/\/telefilm.ca\/fr\/appel-inscription"},{"@type":"ListItem","position":3,"name":"65e Festival internationl du court métrage d&#8217;Oberhausen"}]},{"@type":"WebSite","@id":"https:\/\/telefilm.ca\/fr#website","url":"https:\/\/telefilm.ca\/fr","name":"Téléfilm Canada","description":"Partenaire de choix","publisher":{"@id":"https:\/\/telefilm.ca\/fr#organization"},"potentialAction":[{"@type":"SearchAction","target":{"@type":"EntryPoint","urlTemplate":"https:\/\/telefilm.ca\/fr?s={search_term_string}"},"query-input":{"@type":"PropertyValueSpecification","valueRequired":true,"valueName":"search_term_string"}}],"inLanguage":"fr-CA"},{"@type":"Organization","@id":"https:\/\/telefilm.ca\/fr#organization","name":"Telefilm Canada","url":"https:\/\/telefilm.ca\/fr","logo":{"@type":"ImageObject","inLanguage":"fr-CA","@id":"https:\/\/telefilm.ca\/fr#\/schema\/logo\/image\/","url":"https:\/\/telefilm.ca\/wp-content\/uploads\/2026\/05\/cropped-tfc_favicon_512.png","contentUrl":"https:\/\/telefilm.ca\/wp-content\/uploads\/2026\/05\/cropped-tfc_favicon_512.png","width":512,"height":512,"caption":"Telefilm Canada"},"image":{"@id":"https:\/\/telefilm.ca\/fr#\/schema\/logo\/image\/"},"sameAs":["https:\/\/www.facebook.com\/TelefilmCanada\/","https:\/\/x.com\/Telefilm_Canada","https:\/\/www.instagram.com\/telefilm_canada\/","https:\/\/www.linkedin.com\/company\/telefilm-canada\/","https:\/\/www.youtube.com\/user\/telefilmcanada"]}]}</script>
<!-- / Yoast SEO plugin. -->

65e Festival internationl du court métrage d&#8217;Oberhausen | Téléfilm Canada

Appel d&#8217;inscriptions (Courts métrages de tous genres) Le Festival International du Court Métrage d’Oberhausen accepte maintenant les inscriptions pour son édition de 2018. Veuillez noter que les films doivent être soumis directement au festival. Format de soumission : visionnement en ligne. Compétitif : Oui Frais d’inscription : Non Admissibilité Les films doivent avoir été complétés avant le 1er [&hellip;]

Téléfilm Canada
