{"id":2795,"date":"2018-10-18T08:59:37","date_gmt":"2018-10-18T08:59:37","guid":{"rendered":"https:\/\/telefilm.ca\/appel-inscription\/pavillon-du-canada-au-european-film-market-efm"},"modified":"2022-08-03T02:27:38","modified_gmt":"2022-08-03T02:27:38","slug":"pavillon-du-canada-au-european-film-market-efm","status":"publish","type":"appel-inscription","link":"https:\/\/telefilm.ca\/fr\/appel-inscription\/pavillon-du-canada-au-european-film-market-efm","title":{"rendered":"Pavillon du Canada au European Film Market (EFM)"},"content":{"rendered":"<div class=\"editor-content\"><p class=\"wp-block-paragraph\">Espaces de rencontre priv\u00e9s cl\u00e9s en main dans un emplacement de choix pour les compagnies canadiennes sp\u00e9cialis\u00e9es en acquisition, distribution et ventes \u00e0 l\u2019international. Vous b\u00e9n\u00e9ficierez d\u2019une vaste gamme de services et d\u2019avantages. Ces espaces seront attribu\u00e9s sur la base du premier arriv\u00e9, premier servi.<\/p>\n<p>Pour plus d\u2019information et pour savoir comment vous inscrire, visitez notre guide:<\/p>\n<p><a href=\"https:\/\/telefilm.ca\/wp-content\/uploads\/berlin19appel-inscriptionsfrvf.pdf\"><strong>Information et proc\u00e9dure d&#8217;inscription<\/strong><\/a><\/p>\n<p>&nbsp;<\/p>\n<p>Pour plus d\u2019information, veuillez contacter\u00a0:<br \/>\n<a href=\"mailto:kate.maurice@telefilm.ca\"><strong>Kate Maurice<\/strong><\/a><strong><br \/>\n<\/strong>1.800.567.0890 | 438.469.1217<\/p>\n<\/div>","protected":false},"template":"","categorie_appel_inscription":[16],"class_list":["post-2795","appel-inscription","type-appel-inscription","status-publish","hentry","categorie_appel_inscription-marche"],"acf":{"date_debut":"20190207","date_fin":"20190215","ville":"Berlin","pays":"Allemagne","edition":"","deadlines":[{"description":"Date limite pour s\u2019inscrire (eTelefilm)","date":"20181126"}]},"yoast_head":"<!-- This site is optimized with the Yoast SEO plugin v28.4 - https:\/\/yoast.com\/product\/yoast-seo-wordpress\/ -->\n<title>Pavillon du Canada au European Film Market (EFM) | T\u00e9l\u00e9film Canada<\/title>\n<meta name=\"robots\" content=\"index, follow, max-snippet:-1, max-image-preview:large, max-video-preview:-1\" \/>\n<link rel=\"canonical\" href=\"https:\/\/telefilm.ca\/fr\/appel-inscription\/pavillon-du-canada-au-european-film-market-efm\" \/>\n<meta property=\"og:locale\" content=\"fr_CA\" \/>\n<meta property=\"og:type\" content=\"article\" \/>\n<meta property=\"og:title\" content=\"Pavillon du Canada au European Film Market (EFM) | T\u00e9l\u00e9film Canada\" \/>\n<meta property=\"og:description\" content=\"Espaces de rencontre priv\u00e9s cl\u00e9s en main dans un emplacement de choix pour les compagnies canadiennes sp\u00e9cialis\u00e9es en acquisition, distribution et ventes \u00e0 l\u2019international. Vous b\u00e9n\u00e9ficierez d\u2019une vaste gamme de services et d\u2019avantages. Ces espaces seront attribu\u00e9s sur la base du premier arriv\u00e9, premier servi. Pour plus d\u2019information et pour savoir comment vous inscrire, visitez [&hellip;]\" \/>\n<meta property=\"og:url\" content=\"https:\/\/telefilm.ca\/fr\/appel-inscription\/pavillon-du-canada-au-european-film-market-efm\" \/>\n<meta property=\"og:site_name\" content=\"T\u00e9l\u00e9film Canada\" \/>\n<meta property=\"article:publisher\" content=\"https:\/\/www.facebook.com\/TelefilmCanada\/\" \/>\n<meta property=\"article:modified_time\" content=\"2022-08-03T02:27:38+00:00\" \/>\n<meta property=\"og:image\" content=\"https:\/\/telefilm.ca\/wp-content\/uploads\/2026\/08\/og-image-t-1200x675-1.png\" \/>\n\t<meta property=\"og:image:width\" content=\"1200\" \/>\n\t<meta property=\"og:image:height\" content=\"675\" \/>\n\t<meta property=\"og:image:type\" content=\"image\/png\" \/>\n<meta name=\"twitter:card\" content=\"summary_large_image\" \/>\n<meta name=\"twitter:site\" content=\"@Telefilm_Canada\" \/>\n<script type=\"application\/ld+json\" class=\"yoast-schema-graph\">{\"@context\":\"https:\\\/\\\/schema.org\",\"@graph\":[{\"@type\":\"WebPage\",\"@id\":\"https:\\\/\\\/telefilm.ca\\\/fr\\\/appel-inscription\\\/pavillon-du-canada-au-european-film-market-efm\",\"url\":\"https:\\\/\\\/telefilm.ca\\\/fr\\\/appel-inscription\\\/pavillon-du-canada-au-european-film-market-efm\",\"name\":\"Pavillon du Canada au European Film Market (EFM) | T\u00e9l\u00e9film Canada\",\"isPartOf\":{\"@id\":\"https:\\\/\\\/telefilm.ca\\\/fr#website\"},\"datePublished\":\"2018-10-18T08:59:37+00:00\",\"dateModified\":\"2022-08-03T02:27:38+00:00\",\"breadcrumb\":{\"@id\":\"https:\\\/\\\/telefilm.ca\\\/fr\\\/appel-inscription\\\/pavillon-du-canada-au-european-film-market-efm#breadcrumb\"},\"inLanguage\":\"fr-CA\",\"potentialAction\":[{\"@type\":\"ReadAction\",\"target\":[\"https:\\\/\\\/telefilm.ca\\\/fr\\\/appel-inscription\\\/pavillon-du-canada-au-european-film-market-efm\"]}]},{\"@type\":\"BreadcrumbList\",\"@id\":\"https:\\\/\\\/telefilm.ca\\\/fr\\\/appel-inscription\\\/pavillon-du-canada-au-european-film-market-efm#breadcrumb\",\"itemListElement\":[{\"@type\":\"ListItem\",\"position\":1,\"name\":\"Accueil\",\"item\":\"https:\\\/\\\/telefilm.ca\\\/fr\"},{\"@type\":\"ListItem\",\"position\":2,\"name\":\"Calls for Entry\",\"item\":\"https:\\\/\\\/telefilm.ca\\\/fr\\\/appel-inscription\"},{\"@type\":\"ListItem\",\"position\":3,\"name\":\"Pavillon du Canada au European Film Market (EFM)\"}]},{\"@type\":\"WebSite\",\"@id\":\"https:\\\/\\\/telefilm.ca\\\/fr#website\",\"url\":\"https:\\\/\\\/telefilm.ca\\\/fr\",\"name\":\"T\u00e9l\u00e9film Canada\",\"description\":\"Partenaire de choix\",\"publisher\":{\"@id\":\"https:\\\/\\\/telefilm.ca\\\/fr#organization\"},\"potentialAction\":[{\"@type\":\"SearchAction\",\"target\":{\"@type\":\"EntryPoint\",\"urlTemplate\":\"https:\\\/\\\/telefilm.ca\\\/fr?s={search_term_string}\"},\"query-input\":{\"@type\":\"PropertyValueSpecification\",\"valueRequired\":true,\"valueName\":\"search_term_string\"}}],\"inLanguage\":\"fr-CA\"},{\"@type\":\"Organization\",\"@id\":\"https:\\\/\\\/telefilm.ca\\\/fr#organization\",\"name\":\"Telefilm Canada\",\"url\":\"https:\\\/\\\/telefilm.ca\\\/fr\",\"logo\":{\"@type\":\"ImageObject\",\"inLanguage\":\"fr-CA\",\"@id\":\"https:\\\/\\\/telefilm.ca\\\/fr#\\\/schema\\\/logo\\\/image\\\/\",\"url\":\"https:\\\/\\\/telefilm.ca\\\/wp-content\\\/uploads\\\/2026\\\/05\\\/cropped-tfc_favicon_512.png\",\"contentUrl\":\"https:\\\/\\\/telefilm.ca\\\/wp-content\\\/uploads\\\/2026\\\/05\\\/cropped-tfc_favicon_512.png\",\"width\":512,\"height\":512,\"caption\":\"Telefilm Canada\"},\"image\":{\"@id\":\"https:\\\/\\\/telefilm.ca\\\/fr#\\\/schema\\\/logo\\\/image\\\/\"},\"sameAs\":[\"https:\\\/\\\/www.facebook.com\\\/TelefilmCanada\\\/\",\"https:\\\/\\\/x.com\\\/Telefilm_Canada\",\"https:\\\/\\\/www.instagram.com\\\/telefilm_canada\\\/\",\"https:\\\/\\\/www.linkedin.com\\\/company\\\/telefilm-canada\\\/\",\"https:\\\/\\\/www.youtube.com\\\/user\\\/telefilmcanada\"]}]}<\/script>\n<!-- \/ Yoast SEO plugin. -->","yoast_head_json":{"title":"Pavillon du Canada au European Film Market (EFM) | T\u00e9l\u00e9film Canada","robots":{"index":"index","follow":"follow","max-snippet":"max-snippet:-1","max-image-preview":"max-image-preview:large","max-video-preview":"max-video-preview:-1"},"canonical":"https:\/\/telefilm.ca\/fr\/appel-inscription\/pavillon-du-canada-au-european-film-market-efm","og_locale":"fr_CA","og_type":"article","og_title":"Pavillon du Canada au European Film Market (EFM) | T\u00e9l\u00e9film Canada","og_description":"Espaces de rencontre priv\u00e9s cl\u00e9s en main dans un emplacement de choix pour les compagnies canadiennes sp\u00e9cialis\u00e9es en acquisition, distribution et ventes \u00e0 l\u2019international. Vous b\u00e9n\u00e9ficierez d\u2019une vaste gamme de services et d\u2019avantages. Ces espaces seront attribu\u00e9s sur la base du premier arriv\u00e9, premier servi. Pour plus d\u2019information et pour savoir comment vous inscrire, visitez [&hellip;]","og_url":"https:\/\/telefilm.ca\/fr\/appel-inscription\/pavillon-du-canada-au-european-film-market-efm","og_site_name":"T\u00e9l\u00e9film Canada","article_publisher":"https:\/\/www.facebook.com\/TelefilmCanada\/","article_modified_time":"2022-08-03T02:27:38+00:00","og_image":[{"width":1200,"height":675,"url":"https:\/\/telefilm.ca\/wp-content\/uploads\/2026\/08\/og-image-t-1200x675-1.png","type":"image\/png"}],"twitter_card":"summary_large_image","twitter_site":"@Telefilm_Canada","schema":{"@context":"https:\/\/schema.org","@graph":[{"@type":"WebPage","@id":"https:\/\/telefilm.ca\/fr\/appel-inscription\/pavillon-du-canada-au-european-film-market-efm","url":"https:\/\/telefilm.ca\/fr\/appel-inscription\/pavillon-du-canada-au-european-film-market-efm","name":"Pavillon du Canada au European Film Market (EFM) | T\u00e9l\u00e9film Canada","isPartOf":{"@id":"https:\/\/telefilm.ca\/fr#website"},"datePublished":"2018-10-18T08:59:37+00:00","dateModified":"2022-08-03T02:27:38+00:00","breadcrumb":{"@id":"https:\/\/telefilm.ca\/fr\/appel-inscription\/pavillon-du-canada-au-european-film-market-efm#breadcrumb"},"inLanguage":"fr-CA","potentialAction":[{"@type":"ReadAction","target":["https:\/\/telefilm.ca\/fr\/appel-inscription\/pavillon-du-canada-au-european-film-market-efm"]}]},{"@type":"BreadcrumbList","@id":"https:\/\/telefilm.ca\/fr\/appel-inscription\/pavillon-du-canada-au-european-film-market-efm#breadcrumb","itemListElement":[{"@type":"ListItem","position":1,"name":"Accueil","item":"https:\/\/telefilm.ca\/fr"},{"@type":"ListItem","position":2,"name":"Calls for Entry","item":"https:\/\/telefilm.ca\/fr\/appel-inscription"},{"@type":"ListItem","position":3,"name":"Pavillon du Canada au European Film Market (EFM)"}]},{"@type":"WebSite","@id":"https:\/\/telefilm.ca\/fr#website","url":"https:\/\/telefilm.ca\/fr","name":"T\u00e9l\u00e9film Canada","description":"Partenaire de choix","publisher":{"@id":"https:\/\/telefilm.ca\/fr#organization"},"potentialAction":[{"@type":"SearchAction","target":{"@type":"EntryPoint","urlTemplate":"https:\/\/telefilm.ca\/fr?s={search_term_string}"},"query-input":{"@type":"PropertyValueSpecification","valueRequired":true,"valueName":"search_term_string"}}],"inLanguage":"fr-CA"},{"@type":"Organization","@id":"https:\/\/telefilm.ca\/fr#organization","name":"Telefilm Canada","url":"https:\/\/telefilm.ca\/fr","logo":{"@type":"ImageObject","inLanguage":"fr-CA","@id":"https:\/\/telefilm.ca\/fr#\/schema\/logo\/image\/","url":"https:\/\/telefilm.ca\/wp-content\/uploads\/2026\/05\/cropped-tfc_favicon_512.png","contentUrl":"https:\/\/telefilm.ca\/wp-content\/uploads\/2026\/05\/cropped-tfc_favicon_512.png","width":512,"height":512,"caption":"Telefilm Canada"},"image":{"@id":"https:\/\/telefilm.ca\/fr#\/schema\/logo\/image\/"},"sameAs":["https:\/\/www.facebook.com\/TelefilmCanada\/","https:\/\/x.com\/Telefilm_Canada","https:\/\/www.instagram.com\/telefilm_canada\/","https:\/\/www.linkedin.com\/company\/telefilm-canada\/","https:\/\/www.youtube.com\/user\/telefilmcanada"]}]}},"wpml_current_locale":"fr_CA","wpml_translations":[{"locale":"en_CA","id":2794,"post_title":"Canada Pavilion at the European Film Market (EFM)","href":"https:\/\/telefilm.ca\/en\/canada-pavilion-at-the-at-the-european-film-market-efm\/"}],"_links":{"self":[{"href":"https:\/\/telefilm.ca\/fr\/wp-json\/wp\/v2\/appel-inscription\/2795","targetHints":{"allow":["GET"]}}],"collection":[{"href":"https:\/\/telefilm.ca\/fr\/wp-json\/wp\/v2\/appel-inscription"}],"about":[{"href":"https:\/\/telefilm.ca\/fr\/wp-json\/wp\/v2\/types\/appel-inscription"}],"version-history":[{"count":0,"href":"https:\/\/telefilm.ca\/fr\/wp-json\/wp\/v2\/appel-inscription\/2795\/revisions"}],"wp:attachment":[{"href":"https:\/\/telefilm.ca\/fr\/wp-json\/wp\/v2\/media?parent=2795"}],"wp:term":[{"taxonomy":"categorie_appel_inscription","embeddable":true,"href":"https:\/\/telefilm.ca\/fr\/wp-json\/wp\/v2\/categorie_appel_inscription?post=2795"}],"curies":[{"name":"wp","href":"https:\/\/api.w.org\/{rel}","templated":true}]}}

<div class="editor-content"><p class="wp-block-paragraph">Espaces de rencontre privés clés en main dans un emplacement de choix pour les compagnies canadiennes spécialisées en acquisition, distribution et ventes à l’international. Vous bénéficierez d’une vaste gamme de services et d’avantages. Ces espaces seront attribués sur la base du premier arrivé, premier servi.</p>
<p>Pour plus d’information et pour savoir comment vous inscrire, visitez notre guide:</p>
<p><a href="https://telefilm.ca/wp-content/uploads/berlin19appel-inscriptionsfrvf.pdf"><strong>Information et procédure d&#8217;inscription</strong></a></p>
<p>&nbsp;</p>
<p>Pour plus d’information, veuillez contacter :<br />
<a href="mailto:kate.maurice@telefilm.ca"><strong>Kate Maurice</strong></a><strong><br />
</strong>1.800.567.0890 | 438.469.1217</p>
</div>

<!-- This site is optimized with the Yoast SEO plugin v28.4 - https://yoast.com/product/yoast-seo-wordpress/ -->
<title>Pavillon du Canada au European Film Market (EFM) | Téléfilm Canada</title>
<meta name="robots" content="index, follow, max-snippet:-1, max-image-preview:large, max-video-preview:-1" />
<link rel="canonical" href="https://telefilm.ca/fr/appel-inscription/pavillon-du-canada-au-european-film-market-efm" />
<meta property="og:locale" content="fr_CA" />
<meta property="og:type" content="article" />
<meta property="og:title" content="Pavillon du Canada au European Film Market (EFM) | Téléfilm Canada" />
<meta property="og:description" content="Espaces de rencontre privés clés en main dans un emplacement de choix pour les compagnies canadiennes spécialisées en acquisition, distribution et ventes à l’international. Vous bénéficierez d’une vaste gamme de services et d’avantages. Ces espaces seront attribués sur la base du premier arrivé, premier servi. Pour plus d’information et pour savoir comment vous inscrire, visitez [&hellip;]" />
<meta property="og:url" content="https://telefilm.ca/fr/appel-inscription/pavillon-du-canada-au-european-film-market-efm" />
<meta property="og:site_name" content="Téléfilm Canada" />
<meta property="article:publisher" content="https://www.facebook.com/TelefilmCanada/" />
<meta property="article:modified_time" content="2022-08-03T02:27:38+00:00" />
<meta property="og:image" content="https://telefilm.ca/wp-content/uploads/2026/08/og-image-t-1200x675-1.png" />
	<meta property="og:image:width" content="1200" />
	<meta property="og:image:height" content="675" />
	<meta property="og:image:type" content="image/png" />
<meta name="twitter:card" content="summary_large_image" />
<meta name="twitter:site" content="@Telefilm_Canada" />
<script type="application/ld+json" class="yoast-schema-graph">{"@context":"https:\/\/schema.org","@graph":[{"@type":"WebPage","@id":"https:\/\/telefilm.ca\/fr\/appel-inscription\/pavillon-du-canada-au-european-film-market-efm","url":"https:\/\/telefilm.ca\/fr\/appel-inscription\/pavillon-du-canada-au-european-film-market-efm","name":"Pavillon du Canada au European Film Market (EFM) | Téléfilm Canada","isPartOf":{"@id":"https:\/\/telefilm.ca\/fr#website"},"datePublished":"2018-10-18T08:59:37+00:00","dateModified":"2022-08-03T02:27:38+00:00","breadcrumb":{"@id":"https:\/\/telefilm.ca\/fr\/appel-inscription\/pavillon-du-canada-au-european-film-market-efm#breadcrumb"},"inLanguage":"fr-CA","potentialAction":[{"@type":"ReadAction","target":["https:\/\/telefilm.ca\/fr\/appel-inscription\/pavillon-du-canada-au-european-film-market-efm"]}]},{"@type":"BreadcrumbList","@id":"https:\/\/telefilm.ca\/fr\/appel-inscription\/pavillon-du-canada-au-european-film-market-efm#breadcrumb","itemListElement":[{"@type":"ListItem","position":1,"name":"Accueil","item":"https:\/\/telefilm.ca\/fr"},{"@type":"ListItem","position":2,"name":"Calls for Entry","item":"https:\/\/telefilm.ca\/fr\/appel-inscription"},{"@type":"ListItem","position":3,"name":"Pavillon du Canada au European Film Market (EFM)"}]},{"@type":"WebSite","@id":"https:\/\/telefilm.ca\/fr#website","url":"https:\/\/telefilm.ca\/fr","name":"Téléfilm Canada","description":"Partenaire de choix","publisher":{"@id":"https:\/\/telefilm.ca\/fr#organization"},"potentialAction":[{"@type":"SearchAction","target":{"@type":"EntryPoint","urlTemplate":"https:\/\/telefilm.ca\/fr?s={search_term_string}"},"query-input":{"@type":"PropertyValueSpecification","valueRequired":true,"valueName":"search_term_string"}}],"inLanguage":"fr-CA"},{"@type":"Organization","@id":"https:\/\/telefilm.ca\/fr#organization","name":"Telefilm Canada","url":"https:\/\/telefilm.ca\/fr","logo":{"@type":"ImageObject","inLanguage":"fr-CA","@id":"https:\/\/telefilm.ca\/fr#\/schema\/logo\/image\/","url":"https:\/\/telefilm.ca\/wp-content\/uploads\/2026\/05\/cropped-tfc_favicon_512.png","contentUrl":"https:\/\/telefilm.ca\/wp-content\/uploads\/2026\/05\/cropped-tfc_favicon_512.png","width":512,"height":512,"caption":"Telefilm Canada"},"image":{"@id":"https:\/\/telefilm.ca\/fr#\/schema\/logo\/image\/"},"sameAs":["https:\/\/www.facebook.com\/TelefilmCanada\/","https:\/\/x.com\/Telefilm_Canada","https:\/\/www.instagram.com\/telefilm_canada\/","https:\/\/www.linkedin.com\/company\/telefilm-canada\/","https:\/\/www.youtube.com\/user\/telefilmcanada"]}]}</script>
<!-- / Yoast SEO plugin. -->

Pavillon du Canada au European Film Market (EFM) | Téléfilm Canada

Espaces de rencontre privés clés en main dans un emplacement de choix pour les compagnies canadiennes spécialisées en acquisition, distribution et ventes à l’international. Vous bénéficierez d’une vaste gamme de services et d’avantages. Ces espaces seront attribués sur la base du premier arrivé, premier servi. Pour plus d’information et pour savoir comment vous inscrire, visitez [&hellip;]

Téléfilm Canada
