{"id":5547,"date":"2022-01-31T15:21:40","date_gmt":"2022-01-31T15:21:40","guid":{"rendered":"https:\/\/telefilm.ca\/appel-inscription\/49e-film-fest-gent"},"modified":"2022-08-03T02:05:52","modified_gmt":"2022-08-03T02:05:52","slug":"49e-film-fest-gent","status":"publish","type":"appel-inscription","link":"https:\/\/telefilm.ca\/fr\/appel-inscription\/49e-film-fest-gent","title":{"rendered":"49e Film Fest Gent"},"content":{"rendered":"<div class=\"editor-content\"><h4><strong>Appel d\u2019inscription <\/strong><\/h4>\n<p class=\"wp-block-paragraph\"><em><strong>(Longs et courts m\u00e9trages, tous genre)<\/strong><\/em><\/p>\n<p>&nbsp;<\/p>\n<p>Le <strong><a href=\"http:\/\/www.filmfestival.be\/fr\">Festival du Film de Gand <\/a><\/strong>accepte pr\u00e9sentement les inscriptions pour l\u2019\u00e9dition 2022.<\/p>\n<p><strong>Veuillez noter que les films doivent \u00eatre soumis directement au <a href=\"https:\/\/www.filmfestival.be\/en\/press-industry\">Festival.\u00a0<\/a><\/strong><\/p>\n<ul>\n<li>Comp\u00e9titif : Oui<\/li>\n<li>Frais d\u2019inscription : Oui<\/li>\n<\/ul>\n<h5><strong>Admissibilit\u00e9<\/strong><\/h5>\n<ul>\n<li>Les longs m\u00e9trages doivent \u00eatre d\u2019une de dur\u00e9e minimale de 70 minutes<\/li>\n<li>et les courts m\u00e9trages d\u2019une dur\u00e9e maximale de 30 minutes\u00a0;<\/li>\n<li>Les films doivent avoir un statut de premi\u00e8re belge ou au Benelux;<\/li>\n<li>Les films dans une langue autre que l\u2019anglais doivent \u00eatre sous-titr\u00e9s en anglais.<\/li>\n<\/ul>\n<p>&nbsp;<\/p>\n<p>Avec une th\u00e9matique ax\u00e9e sur \u00ab L\u2019impact de la musique au cin\u00e9ma \u00bb &#8211; soit l\u2019influence cr\u00e9ative de la musique dans les longs m\u00e9trages non musicaux exclusivement, le Festival du film de Gand se positionne de fa\u00e7on tout \u00e0 fait unique dans le paysage festivalier international. Il pr\u00e9sente environ 100 longs m\u00e9trages et 50 courts m\u00e9trages en provenance des quatre coins du monde.<\/p>\n<p>Le festival invite chaque ann\u00e9e entre jusqu\u2019\u00e0 15 films pour sa comp\u00e9tition th\u00e9matique qui attire l&#8217;attention du jury et du public sur la contribution cr\u00e9ative de la bande sonore\/musique \u00e0 l&#8217;effet global d&#8217;un film. Un jury international d\u00e9signe les laur\u00e9ats du <strong>Grand Prix du meilleur film <\/strong>et du<strong> Prix Georges Delerue de la meilleure bande sonore ou du meilleur design sonore.<\/strong><\/p>\n<p>Le festival organise \u00e9galement une comp\u00e9tition pour les courts m\u00e9trages internationaux. Le jury international d\u00e9cerne le <strong>prix du meilleur court m\u00e9trage international qui consiste en une bourse de 5 000 euros pour le r\u00e9alisateur.<\/strong><\/p>\n<p>T\u00e9l\u00e9film Canada reconna\u00eet la participation d\u2019un LONG M\u00c9TRAGE \u00e0 ce festival et peut offrir une aide par l\u2019entremise de son <a href=\"https:\/\/telefilm.ca\/fr\/financement\/mise-en-marche-internationale\">Programme de promotion internationale<\/a>.<\/p>\n<p><strong>\u00a0<\/strong><\/p>\n<p><strong>Promotion et communications<\/strong><br \/>\nT\u00e9l\u00e9film Canada, Montr\u00e9al<br \/>\n<a href=\"mailto:festivals@telefilm.ca\">festivals@telefilm.ca<\/a><br \/>\n1 800 567-0890<\/p>\n<p>&nbsp;<\/p>\n<\/div>","protected":false},"template":"","categorie_appel_inscription":[14],"class_list":["post-5547","appel-inscription","type-appel-inscription","status-publish","hentry","categorie_appel_inscription-festival-fr"],"acf":{"date_debut":"20221011","date_fin":"20221022","ville":"Gand","pays":"Belgique","edition":"","deadlines":[{"description":"Date limite h\u00e2tive","date":"20220531"},{"description":"Date limite finale","date":"20220801"}]},"yoast_head":"<!-- This site is optimized with the Yoast SEO plugin v28.4 - https:\/\/yoast.com\/product\/yoast-seo-wordpress\/ -->\n<title>49e Film Fest Gent | T\u00e9l\u00e9film Canada<\/title>\n<meta name=\"robots\" content=\"index, follow, max-snippet:-1, max-image-preview:large, max-video-preview:-1\" \/>\n<link rel=\"canonical\" href=\"https:\/\/telefilm.ca\/fr\/appel-inscription\/49e-film-fest-gent\" \/>\n<meta property=\"og:locale\" content=\"fr_CA\" \/>\n<meta property=\"og:type\" content=\"article\" \/>\n<meta property=\"og:title\" content=\"49e Film Fest Gent | T\u00e9l\u00e9film Canada\" \/>\n<meta property=\"og:description\" content=\"Appel d\u2019inscription (Longs et courts m\u00e9trages, tous genre) &nbsp; Le Festival du Film de Gand accepte pr\u00e9sentement les inscriptions pour l\u2019\u00e9dition 2022. Veuillez noter que les films doivent \u00eatre soumis directement au Festival.\u00a0 Comp\u00e9titif : Oui Frais d\u2019inscription : Oui Admissibilit\u00e9 Les longs m\u00e9trages doivent \u00eatre d\u2019une de dur\u00e9e minimale de 70 minutes et les [&hellip;]\" \/>\n<meta property=\"og:url\" content=\"https:\/\/telefilm.ca\/fr\/appel-inscription\/49e-film-fest-gent\" \/>\n<meta property=\"og:site_name\" content=\"T\u00e9l\u00e9film Canada\" \/>\n<meta property=\"article:publisher\" content=\"https:\/\/www.facebook.com\/TelefilmCanada\/\" \/>\n<meta property=\"article:modified_time\" content=\"2022-08-03T02:05:52+00:00\" \/>\n<meta property=\"og:image\" content=\"https:\/\/telefilm.ca\/wp-content\/uploads\/2026\/08\/og-image-t-1200x675-1.png\" \/>\n\t<meta property=\"og:image:width\" content=\"1200\" \/>\n\t<meta property=\"og:image:height\" content=\"675\" \/>\n\t<meta property=\"og:image:type\" content=\"image\/png\" \/>\n<meta name=\"twitter:card\" content=\"summary_large_image\" \/>\n<meta name=\"twitter:site\" content=\"@Telefilm_Canada\" \/>\n<meta name=\"twitter:label1\" content=\"Estimation du temps de lecture\" \/>\n\t<meta name=\"twitter:data1\" content=\"2 minutes\" \/>\n<script type=\"application\/ld+json\" class=\"yoast-schema-graph\">{\"@context\":\"https:\\\/\\\/schema.org\",\"@graph\":[{\"@type\":\"WebPage\",\"@id\":\"https:\\\/\\\/telefilm.ca\\\/fr\\\/appel-inscription\\\/49e-film-fest-gent\",\"url\":\"https:\\\/\\\/telefilm.ca\\\/fr\\\/appel-inscription\\\/49e-film-fest-gent\",\"name\":\"49e Film Fest Gent | T\u00e9l\u00e9film Canada\",\"isPartOf\":{\"@id\":\"https:\\\/\\\/telefilm.ca\\\/fr#website\"},\"datePublished\":\"2022-01-31T15:21:40+00:00\",\"dateModified\":\"2022-08-03T02:05:52+00:00\",\"breadcrumb\":{\"@id\":\"https:\\\/\\\/telefilm.ca\\\/fr\\\/appel-inscription\\\/49e-film-fest-gent#breadcrumb\"},\"inLanguage\":\"fr-CA\",\"potentialAction\":[{\"@type\":\"ReadAction\",\"target\":[\"https:\\\/\\\/telefilm.ca\\\/fr\\\/appel-inscription\\\/49e-film-fest-gent\"]}]},{\"@type\":\"BreadcrumbList\",\"@id\":\"https:\\\/\\\/telefilm.ca\\\/fr\\\/appel-inscription\\\/49e-film-fest-gent#breadcrumb\",\"itemListElement\":[{\"@type\":\"ListItem\",\"position\":1,\"name\":\"Accueil\",\"item\":\"https:\\\/\\\/telefilm.ca\\\/fr\"},{\"@type\":\"ListItem\",\"position\":2,\"name\":\"Calls for Entry\",\"item\":\"https:\\\/\\\/telefilm.ca\\\/fr\\\/appel-inscription\"},{\"@type\":\"ListItem\",\"position\":3,\"name\":\"49e Film Fest Gent\"}]},{\"@type\":\"WebSite\",\"@id\":\"https:\\\/\\\/telefilm.ca\\\/fr#website\",\"url\":\"https:\\\/\\\/telefilm.ca\\\/fr\",\"name\":\"T\u00e9l\u00e9film Canada\",\"description\":\"Partenaire de choix\",\"publisher\":{\"@id\":\"https:\\\/\\\/telefilm.ca\\\/fr#organization\"},\"potentialAction\":[{\"@type\":\"SearchAction\",\"target\":{\"@type\":\"EntryPoint\",\"urlTemplate\":\"https:\\\/\\\/telefilm.ca\\\/fr?s={search_term_string}\"},\"query-input\":{\"@type\":\"PropertyValueSpecification\",\"valueRequired\":true,\"valueName\":\"search_term_string\"}}],\"inLanguage\":\"fr-CA\"},{\"@type\":\"Organization\",\"@id\":\"https:\\\/\\\/telefilm.ca\\\/fr#organization\",\"name\":\"Telefilm Canada\",\"url\":\"https:\\\/\\\/telefilm.ca\\\/fr\",\"logo\":{\"@type\":\"ImageObject\",\"inLanguage\":\"fr-CA\",\"@id\":\"https:\\\/\\\/telefilm.ca\\\/fr#\\\/schema\\\/logo\\\/image\\\/\",\"url\":\"https:\\\/\\\/telefilm.ca\\\/wp-content\\\/uploads\\\/2026\\\/05\\\/cropped-tfc_favicon_512.png\",\"contentUrl\":\"https:\\\/\\\/telefilm.ca\\\/wp-content\\\/uploads\\\/2026\\\/05\\\/cropped-tfc_favicon_512.png\",\"width\":512,\"height\":512,\"caption\":\"Telefilm Canada\"},\"image\":{\"@id\":\"https:\\\/\\\/telefilm.ca\\\/fr#\\\/schema\\\/logo\\\/image\\\/\"},\"sameAs\":[\"https:\\\/\\\/www.facebook.com\\\/TelefilmCanada\\\/\",\"https:\\\/\\\/x.com\\\/Telefilm_Canada\",\"https:\\\/\\\/www.instagram.com\\\/telefilm_canada\\\/\",\"https:\\\/\\\/www.linkedin.com\\\/company\\\/telefilm-canada\\\/\",\"https:\\\/\\\/www.youtube.com\\\/user\\\/telefilmcanada\"]}]}<\/script>\n<!-- \/ Yoast SEO plugin. -->","yoast_head_json":{"title":"49e Film Fest Gent | T\u00e9l\u00e9film Canada","robots":{"index":"index","follow":"follow","max-snippet":"max-snippet:-1","max-image-preview":"max-image-preview:large","max-video-preview":"max-video-preview:-1"},"canonical":"https:\/\/telefilm.ca\/fr\/appel-inscription\/49e-film-fest-gent","og_locale":"fr_CA","og_type":"article","og_title":"49e Film Fest Gent | T\u00e9l\u00e9film Canada","og_description":"Appel d\u2019inscription (Longs et courts m\u00e9trages, tous genre) &nbsp; Le Festival du Film de Gand accepte pr\u00e9sentement les inscriptions pour l\u2019\u00e9dition 2022. Veuillez noter que les films doivent \u00eatre soumis directement au Festival.\u00a0 Comp\u00e9titif : Oui Frais d\u2019inscription : Oui Admissibilit\u00e9 Les longs m\u00e9trages doivent \u00eatre d\u2019une de dur\u00e9e minimale de 70 minutes et les [&hellip;]","og_url":"https:\/\/telefilm.ca\/fr\/appel-inscription\/49e-film-fest-gent","og_site_name":"T\u00e9l\u00e9film Canada","article_publisher":"https:\/\/www.facebook.com\/TelefilmCanada\/","article_modified_time":"2022-08-03T02:05:52+00:00","og_image":[{"width":1200,"height":675,"url":"https:\/\/telefilm.ca\/wp-content\/uploads\/2026\/08\/og-image-t-1200x675-1.png","type":"image\/png"}],"twitter_card":"summary_large_image","twitter_site":"@Telefilm_Canada","twitter_misc":{"Estimation du temps de lecture":"2 minutes"},"schema":{"@context":"https:\/\/schema.org","@graph":[{"@type":"WebPage","@id":"https:\/\/telefilm.ca\/fr\/appel-inscription\/49e-film-fest-gent","url":"https:\/\/telefilm.ca\/fr\/appel-inscription\/49e-film-fest-gent","name":"49e Film Fest Gent | T\u00e9l\u00e9film Canada","isPartOf":{"@id":"https:\/\/telefilm.ca\/fr#website"},"datePublished":"2022-01-31T15:21:40+00:00","dateModified":"2022-08-03T02:05:52+00:00","breadcrumb":{"@id":"https:\/\/telefilm.ca\/fr\/appel-inscription\/49e-film-fest-gent#breadcrumb"},"inLanguage":"fr-CA","potentialAction":[{"@type":"ReadAction","target":["https:\/\/telefilm.ca\/fr\/appel-inscription\/49e-film-fest-gent"]}]},{"@type":"BreadcrumbList","@id":"https:\/\/telefilm.ca\/fr\/appel-inscription\/49e-film-fest-gent#breadcrumb","itemListElement":[{"@type":"ListItem","position":1,"name":"Accueil","item":"https:\/\/telefilm.ca\/fr"},{"@type":"ListItem","position":2,"name":"Calls for Entry","item":"https:\/\/telefilm.ca\/fr\/appel-inscription"},{"@type":"ListItem","position":3,"name":"49e Film Fest Gent"}]},{"@type":"WebSite","@id":"https:\/\/telefilm.ca\/fr#website","url":"https:\/\/telefilm.ca\/fr","name":"T\u00e9l\u00e9film Canada","description":"Partenaire de choix","publisher":{"@id":"https:\/\/telefilm.ca\/fr#organization"},"potentialAction":[{"@type":"SearchAction","target":{"@type":"EntryPoint","urlTemplate":"https:\/\/telefilm.ca\/fr?s={search_term_string}"},"query-input":{"@type":"PropertyValueSpecification","valueRequired":true,"valueName":"search_term_string"}}],"inLanguage":"fr-CA"},{"@type":"Organization","@id":"https:\/\/telefilm.ca\/fr#organization","name":"Telefilm Canada","url":"https:\/\/telefilm.ca\/fr","logo":{"@type":"ImageObject","inLanguage":"fr-CA","@id":"https:\/\/telefilm.ca\/fr#\/schema\/logo\/image\/","url":"https:\/\/telefilm.ca\/wp-content\/uploads\/2026\/05\/cropped-tfc_favicon_512.png","contentUrl":"https:\/\/telefilm.ca\/wp-content\/uploads\/2026\/05\/cropped-tfc_favicon_512.png","width":512,"height":512,"caption":"Telefilm Canada"},"image":{"@id":"https:\/\/telefilm.ca\/fr#\/schema\/logo\/image\/"},"sameAs":["https:\/\/www.facebook.com\/TelefilmCanada\/","https:\/\/x.com\/Telefilm_Canada","https:\/\/www.instagram.com\/telefilm_canada\/","https:\/\/www.linkedin.com\/company\/telefilm-canada\/","https:\/\/www.youtube.com\/user\/telefilmcanada"]}]}},"wpml_current_locale":"fr_CA","wpml_translations":[{"locale":"en_CA","id":5546,"post_title":"49th Film Fest Gent","href":"https:\/\/telefilm.ca\/en\/49th-film-fest-gent\/"}],"_links":{"self":[{"href":"https:\/\/telefilm.ca\/fr\/wp-json\/wp\/v2\/appel-inscription\/5547","targetHints":{"allow":["GET"]}}],"collection":[{"href":"https:\/\/telefilm.ca\/fr\/wp-json\/wp\/v2\/appel-inscription"}],"about":[{"href":"https:\/\/telefilm.ca\/fr\/wp-json\/wp\/v2\/types\/appel-inscription"}],"version-history":[{"count":0,"href":"https:\/\/telefilm.ca\/fr\/wp-json\/wp\/v2\/appel-inscription\/5547\/revisions"}],"wp:attachment":[{"href":"https:\/\/telefilm.ca\/fr\/wp-json\/wp\/v2\/media?parent=5547"}],"wp:term":[{"taxonomy":"categorie_appel_inscription","embeddable":true,"href":"https:\/\/telefilm.ca\/fr\/wp-json\/wp\/v2\/categorie_appel_inscription?post=5547"}],"curies":[{"name":"wp","href":"https:\/\/api.w.org\/{rel}","templated":true}]}}

<div class="editor-content"><h4><strong>Appel d’inscription </strong></h4>
<p class="wp-block-paragraph"><em><strong>(Longs et courts métrages, tous genre)</strong></em></p>
<p>&nbsp;</p>
<p>Le <strong><a href="http://www.filmfestival.be/fr">Festival du Film de Gand </a></strong>accepte présentement les inscriptions pour l’édition 2022.</p>
<p><strong>Veuillez noter que les films doivent être soumis directement au <a href="https://www.filmfestival.be/en/press-industry">Festival. </a></strong></p>
<ul>
<li>Compétitif : Oui</li>
<li>Frais d’inscription : Oui</li>
</ul>
<h5><strong>Admissibilité</strong></h5>
<ul>
<li>Les longs métrages doivent être d’une de durée minimale de 70 minutes</li>
<li>et les courts métrages d’une durée maximale de 30 minutes ;</li>
<li>Les films doivent avoir un statut de première belge ou au Benelux;</li>
<li>Les films dans une langue autre que l’anglais doivent être sous-titrés en anglais.</li>
</ul>
<p>&nbsp;</p>
<p>Avec une thématique axée sur « L’impact de la musique au cinéma » &#8211; soit l’influence créative de la musique dans les longs métrages non musicaux exclusivement, le Festival du film de Gand se positionne de façon tout à fait unique dans le paysage festivalier international. Il présente environ 100 longs métrages et 50 courts métrages en provenance des quatre coins du monde.</p>
<p>Le festival invite chaque année entre jusqu’à 15 films pour sa compétition thématique qui attire l&#8217;attention du jury et du public sur la contribution créative de la bande sonore/musique à l&#8217;effet global d&#8217;un film. Un jury international désigne les lauréats du <strong>Grand Prix du meilleur film </strong>et du<strong> Prix Georges Delerue de la meilleure bande sonore ou du meilleur design sonore.</strong></p>
<p>Le festival organise également une compétition pour les courts métrages internationaux. Le jury international décerne le <strong>prix du meilleur court métrage international qui consiste en une bourse de 5 000 euros pour le réalisateur.</strong></p>
<p>Téléfilm Canada reconnaît la participation d’un LONG MÉTRAGE à ce festival et peut offrir une aide par l’entremise de son <a href="https://telefilm.ca/fr/financement/mise-en-marche-internationale">Programme de promotion internationale</a>.</p>
<p><strong> </strong></p>
<p><strong>Promotion et communications</strong><br />
Téléfilm Canada, Montréal<br />
<a href="mailto:festivals@telefilm.ca">festivals@telefilm.ca</a><br />
1 800 567-0890</p>
<p>&nbsp;</p>
</div>

Date limite hâtive

<!-- This site is optimized with the Yoast SEO plugin v28.4 - https://yoast.com/product/yoast-seo-wordpress/ -->
<title>49e Film Fest Gent | Téléfilm Canada</title>
<meta name="robots" content="index, follow, max-snippet:-1, max-image-preview:large, max-video-preview:-1" />
<link rel="canonical" href="https://telefilm.ca/fr/appel-inscription/49e-film-fest-gent" />
<meta property="og:locale" content="fr_CA" />
<meta property="og:type" content="article" />
<meta property="og:title" content="49e Film Fest Gent | Téléfilm Canada" />
<meta property="og:description" content="Appel d’inscription (Longs et courts métrages, tous genre) &nbsp; Le Festival du Film de Gand accepte présentement les inscriptions pour l’édition 2022. Veuillez noter que les films doivent être soumis directement au Festival.  Compétitif : Oui Frais d’inscription : Oui Admissibilité Les longs métrages doivent être d’une de durée minimale de 70 minutes et les [&hellip;]" />
<meta property="og:url" content="https://telefilm.ca/fr/appel-inscription/49e-film-fest-gent" />
<meta property="og:site_name" content="Téléfilm Canada" />
<meta property="article:publisher" content="https://www.facebook.com/TelefilmCanada/" />
<meta property="article:modified_time" content="2022-08-03T02:05:52+00:00" />
<meta property="og:image" content="https://telefilm.ca/wp-content/uploads/2026/08/og-image-t-1200x675-1.png" />
	<meta property="og:image:width" content="1200" />
	<meta property="og:image:height" content="675" />
	<meta property="og:image:type" content="image/png" />
<meta name="twitter:card" content="summary_large_image" />
<meta name="twitter:site" content="@Telefilm_Canada" />
<meta name="twitter:label1" content="Estimation du temps de lecture" />
	<meta name="twitter:data1" content="2 minutes" />
<script type="application/ld+json" class="yoast-schema-graph">{"@context":"https:\/\/schema.org","@graph":[{"@type":"WebPage","@id":"https:\/\/telefilm.ca\/fr\/appel-inscription\/49e-film-fest-gent","url":"https:\/\/telefilm.ca\/fr\/appel-inscription\/49e-film-fest-gent","name":"49e Film Fest Gent | Téléfilm Canada","isPartOf":{"@id":"https:\/\/telefilm.ca\/fr#website"},"datePublished":"2022-01-31T15:21:40+00:00","dateModified":"2022-08-03T02:05:52+00:00","breadcrumb":{"@id":"https:\/\/telefilm.ca\/fr\/appel-inscription\/49e-film-fest-gent#breadcrumb"},"inLanguage":"fr-CA","potentialAction":[{"@type":"ReadAction","target":["https:\/\/telefilm.ca\/fr\/appel-inscription\/49e-film-fest-gent"]}]},{"@type":"BreadcrumbList","@id":"https:\/\/telefilm.ca\/fr\/appel-inscription\/49e-film-fest-gent#breadcrumb","itemListElement":[{"@type":"ListItem","position":1,"name":"Accueil","item":"https:\/\/telefilm.ca\/fr"},{"@type":"ListItem","position":2,"name":"Calls for Entry","item":"https:\/\/telefilm.ca\/fr\/appel-inscription"},{"@type":"ListItem","position":3,"name":"49e Film Fest Gent"}]},{"@type":"WebSite","@id":"https:\/\/telefilm.ca\/fr#website","url":"https:\/\/telefilm.ca\/fr","name":"Téléfilm Canada","description":"Partenaire de choix","publisher":{"@id":"https:\/\/telefilm.ca\/fr#organization"},"potentialAction":[{"@type":"SearchAction","target":{"@type":"EntryPoint","urlTemplate":"https:\/\/telefilm.ca\/fr?s={search_term_string}"},"query-input":{"@type":"PropertyValueSpecification","valueRequired":true,"valueName":"search_term_string"}}],"inLanguage":"fr-CA"},{"@type":"Organization","@id":"https:\/\/telefilm.ca\/fr#organization","name":"Telefilm Canada","url":"https:\/\/telefilm.ca\/fr","logo":{"@type":"ImageObject","inLanguage":"fr-CA","@id":"https:\/\/telefilm.ca\/fr#\/schema\/logo\/image\/","url":"https:\/\/telefilm.ca\/wp-content\/uploads\/2026\/05\/cropped-tfc_favicon_512.png","contentUrl":"https:\/\/telefilm.ca\/wp-content\/uploads\/2026\/05\/cropped-tfc_favicon_512.png","width":512,"height":512,"caption":"Telefilm Canada"},"image":{"@id":"https:\/\/telefilm.ca\/fr#\/schema\/logo\/image\/"},"sameAs":["https:\/\/www.facebook.com\/TelefilmCanada\/","https:\/\/x.com\/Telefilm_Canada","https:\/\/www.instagram.com\/telefilm_canada\/","https:\/\/www.linkedin.com\/company\/telefilm-canada\/","https:\/\/www.youtube.com\/user\/telefilmcanada"]}]}</script>
<!-- / Yoast SEO plugin. -->

49e Film Fest Gent | Téléfilm Canada

Appel d’inscription (Longs et courts métrages, tous genre) &nbsp; Le Festival du Film de Gand accepte présentement les inscriptions pour l’édition 2022. Veuillez noter que les films doivent être soumis directement au Festival.  Compétitif : Oui Frais d’inscription : Oui Admissibilité Les longs métrages doivent être d’une de durée minimale de 70 minutes et les [&hellip;]

Téléfilm Canada
